Last updated on 2025-05-22 01:50:49 CEST.
Flavor | Version | Tinstall | Tcheck | Ttotal | Status | Flags |
---|---|---|---|---|---|---|
r-devel-linux-x86_64-debian-clang | 1.0.2 | 48.49 | 124.90 | 173.39 | OK | |
r-devel-linux-x86_64-debian-gcc | 1.0.2 | 31.71 | 88.82 | 120.53 | OK | |
r-devel-linux-x86_64-fedora-clang | 1.0.2 | 292.58 | OK | |||
r-devel-linux-x86_64-fedora-gcc | 1.0.2 | 290.85 | OK | |||
r-devel-windows-x86_64 | 1.0.2 | 53.00 | 281.00 | 334.00 | OK | |
r-patched-linux-x86_64 | 1.0.2 | 53.46 | 117.45 | 170.91 | OK | |
r-release-linux-x86_64 | 1.0.2 | 42.75 | 117.74 | 160.49 | OK | |
r-release-macos-arm64 | 1.0.2 | 79.00 | OK | |||
r-release-macos-x86_64 | 1.0.2 | 204.00 | OK | |||
r-release-windows-x86_64 | 1.0.2 | 56.00 | 250.00 | 306.00 | OK | |
r-oldrel-macos-arm64 | 1.0.2 | 83.00 | NOTE | |||
r-oldrel-macos-x86_64 | 1.0.2 | 209.00 | NOTE | |||
r-oldrel-windows-x86_64 | 1.0.2 | 72.00 | 226.00 | 298.00 | NOTE |
Version: 1.0.2
Check: installed package size
Result: NOTE
installed size is 6.2Mb
sub-directories of 1Mb or more:
R 2.0Mb
data 1.6Mb
libs 1.1Mb
Flavors: r-oldrel-macos-arm64, r-oldrel-macos-x86_64, r-oldrel-windows-x86_64