Last updated on 2025-05-19 01:49:46 CEST.
Flavor | Version | Tinstall | Tcheck | Ttotal | Status | Flags |
---|---|---|---|---|---|---|
r-devel-linux-x86_64-debian-clang | 0.2.2 | 1.76 | 21.31 | 23.07 | NOTE | |
r-devel-linux-x86_64-debian-gcc | 0.2.2 | 1.47 | 17.42 | 18.89 | NOTE | |
r-devel-linux-x86_64-fedora-clang | 0.2.2 | 33.35 | NOTE | |||
r-devel-linux-x86_64-fedora-gcc | 0.2.2 | 32.20 | NOTE | |||
r-devel-windows-x86_64 | 0.2.2 | 3.00 | 46.00 | 49.00 | NOTE | |
r-patched-linux-x86_64 | 0.2.2 | 1.85 | 19.37 | 21.22 | NOTE | |
r-release-linux-x86_64 | 0.2.2 | 1.71 | 18.78 | 20.49 | NOTE | |
r-release-macos-arm64 | 0.2.2 | 20.00 | NOTE | |||
r-release-macos-x86_64 | 0.2.2 | 28.00 | NOTE | |||
r-release-windows-x86_64 | 0.2.2 | 5.00 | 47.00 | 52.00 | NOTE | |
r-oldrel-macos-arm64 | 0.2.2 | 17.00 | OK | |||
r-oldrel-macos-x86_64 | 0.2.2 | 24.00 | OK | |||
r-oldrel-windows-x86_64 | 0.2.2 | 4.00 | 45.00 | 49.00 | OK |
Version: 0.2.2
Check: DESCRIPTION meta-information
Result: NOTE
Missing dependency on R >= 4.1.0 because package code uses the pipe
|> or function shorthand \(...) syntax added in R 4.1.0.
File(s) using such syntax:
‘gateway_keyring.R’ ‘gateway_openai.R’
Flavors: r-devel-linux-x86_64-debian-clang, r-devel-linux-x86_64-debian-gcc, r-devel-linux-x86_64-fedora-clang, r-devel-linux-x86_64-fedora-gcc, r-devel-windows-x86_64, r-patched-linux-x86_64, r-release-linux-x86_64, r-release-macos-arm64, r-release-macos-x86_64, r-release-windows-x86_64