CRAN Package Check Results for Package alfr

Last updated on 2022-05-21 02:50:38 CEST.

Flavor Version Tinstall Tcheck Ttotal Status Flags
r-devel-linux-x86_64-debian-clang 1.2.1 2.61 42.61 45.22 NOTE
r-devel-linux-x86_64-debian-gcc 1.2.1 2.08 32.86 34.94 NOTE
r-devel-linux-x86_64-fedora-clang 1.2.1 57.49 NOTE
r-devel-linux-x86_64-fedora-gcc 1.2.1 51.59 NOTE
r-devel-windows-x86_64 1.2.1 15.00 84.00 99.00 NOTE
r-patched-linux-x86_64 1.2.1 2.65 40.42 43.07 NOTE
r-release-linux-x86_64 1.2.1 2.04 40.20 42.24 NOTE
r-release-macos-arm64 1.2.1 18.00 NOTE
r-release-macos-x86_64 1.2.1 26.00 NOTE
r-release-windows-x86_64 1.2.1 112.00 81.00 193.00 NOTE
r-oldrel-macos-arm64 1.2.1 23.00 NOTE
r-oldrel-macos-x86_64 1.2.1 31.00 NOTE
r-oldrel-windows-ix86+x86_64 1.2.1 7.00 63.00 70.00 NOTE

Check Details

Version: 1.2.1
Check: LazyData
Result: NOTE
     'LazyData' is specified without a 'data' directory
Flavors: r-devel-linux-x86_64-debian-clang, r-devel-linux-x86_64-debian-gcc, r-devel-linux-x86_64-fedora-clang, r-devel-linux-x86_64-fedora-gcc, r-devel-windows-x86_64, r-patched-linux-x86_64, r-release-linux-x86_64, r-release-macos-arm64, r-release-macos-x86_64, r-release-windows-x86_64, r-oldrel-macos-arm64, r-oldrel-macos-x86_64, r-oldrel-windows-ix86+x86_64