Last updated on 2024-08-16 01:48:12 CEST.
Flavor | Version | Tinstall | Tcheck | Ttotal | Status | Flags |
---|---|---|---|---|---|---|
r-devel-linux-x86_64-debian-clang | 0.1.2 | 19.95 | 161.20 | 181.15 | NOTE | |
r-devel-linux-x86_64-debian-gcc | 0.1.2 | 12.99 | 112.28 | 125.27 | NOTE | |
r-devel-linux-x86_64-fedora-clang | 0.1.2 | 293.82 | NOTE | |||
r-devel-linux-x86_64-fedora-gcc | 0.1.2 | 269.79 | NOTE | |||
r-devel-windows-x86_64 | 0.1.2 | 19.00 | 139.00 | 158.00 | NOTE | |
r-patched-linux-x86_64 | 0.1.2 | 19.31 | 149.70 | 169.01 | NOTE | |
r-release-linux-x86_64 | 0.1.2 | 17.31 | 152.55 | 169.86 | NOTE | |
r-release-macos-arm64 | 0.1.2 | 74.00 | NOTE | |||
r-release-macos-x86_64 | 0.1.2 | 118.00 | NOTE | |||
r-release-windows-x86_64 | 0.1.2 | 19.00 | 139.00 | 158.00 | NOTE | |
r-oldrel-macos-arm64 | 0.1.2 | 78.00 | NOTE | |||
r-oldrel-macos-x86_64 | 0.1.2 | 129.00 | NOTE | |||
r-oldrel-windows-x86_64 | 0.1.2 | 26.00 | 179.00 | 205.00 | NOTE |
Version: 0.1.2
Check: LazyData
Result: NOTE
'LazyData' is specified without a 'data' directory
Flavors: r-devel-linux-x86_64-debian-clang, r-devel-linux-x86_64-debian-gcc, r-devel-linux-x86_64-fedora-clang, r-devel-linux-x86_64-fedora-gcc, r-devel-windows-x86_64, r-patched-linux-x86_64, r-release-linux-x86_64, r-release-macos-arm64, r-release-macos-x86_64, r-release-windows-x86_64, r-oldrel-macos-arm64, r-oldrel-macos-x86_64, r-oldrel-windows-x86_64