CRAN Package Check Results for Package allestimates

Last updated on 2020-06-04 23:47:50 CEST.

Flavor Version Tinstall Tcheck Ttotal Status Flags
r-devel-linux-x86_64-debian-clang 0.1.6 10.13 126.38 136.51 OK
r-devel-linux-x86_64-debian-gcc 0.1.6 8.65 95.08 103.73 OK
r-devel-linux-x86_64-fedora-clang 0.1.6 168.93 NOTE
r-devel-linux-x86_64-fedora-gcc 0.1.6 158.75 NOTE
r-devel-windows-ix86+x86_64 0.1.6 36.00 153.00 189.00 OK
r-patched-linux-x86_64 0.1.6 10.44 122.36 132.80 OK
r-patched-solaris-x86 0.1.6 240.90 NOTE
r-release-linux-x86_64 0.1.6 10.54 121.20 131.74 OK
r-release-osx-x86_64 0.1.6 NOTE
r-release-windows-ix86+x86_64 0.1.6 21.00 125.00 146.00 OK
r-oldrel-osx-x86_64 0.1.6 NOTE
r-oldrel-windows-ix86+x86_64 0.1.6 29.00 171.00 200.00 OK

Check Details

Version: 0.1.6
Check: dependencies in R code
Result: NOTE
    Namespaces in Imports field not imported from:
     ‘MASS’ ‘tibble’
     All declared Imports should be used.
Flavors: r-devel-linux-x86_64-fedora-clang, r-devel-linux-x86_64-fedora-gcc, r-patched-solaris-x86, r-release-osx-x86_64, r-oldrel-osx-x86_64