Last updated on 2024-04-24 01:52:03 CEST.
Flavor | Version | Tinstall | Tcheck | Ttotal | Status | Flags |
---|---|---|---|---|---|---|
r-devel-linux-x86_64-debian-clang | 0.1.0 | 5.06 | 28.35 | 33.41 | OK | |
r-devel-linux-x86_64-debian-gcc | 0.1.0 | 4.62 | 22.38 | 27.00 | OK | |
r-devel-linux-x86_64-fedora-clang | 0.1.0 | 43.48 | NOTE | |||
r-devel-linux-x86_64-fedora-gcc | 0.1.0 | 42.58 | NOTE | |||
r-prerel-macos-arm64 | 0.1.0 | 19.00 | OK | |||
r-prerel-windows-x86_64 | 0.1.0 | 7.00 | 44.00 | 51.00 | OK | |
r-patched-linux-x86_64 | 0.1.0 | 6.12 | 28.42 | 34.54 | OK | |
r-release-linux-x86_64 | 0.1.0 | 4.30 | 27.43 | 31.73 | OK | |
r-release-macos-arm64 | 0.1.0 | 23.00 | OK | |||
r-release-macos-x86_64 | 0.1.0 | 31.00 | OK | |||
r-release-windows-x86_64 | 0.1.0 | 9.00 | 46.00 | 55.00 | OK | |
r-oldrel-macos-arm64 | 0.1.0 | 21.00 | NOTE | |||
r-oldrel-windows-x86_64 | 0.1.0 | 8.00 | 49.00 | 57.00 | OK |
Version: 0.1.0
Check: data for non-ASCII characters
Result: NOTE
Note: found 171 marked UTF-8 strings
Flavors: r-devel-linux-x86_64-fedora-clang, r-devel-linux-x86_64-fedora-gcc, r-oldrel-macos-arm64