CRAN Package Check Results for Package amanida

Last updated on 2025-04-30 02:50:32 CEST.

Flavor Version Tinstall Tcheck Ttotal Status Flags
r-devel-linux-x86_64-debian-clang 0.3.0 7.88 117.01 124.89 OK
r-devel-linux-x86_64-debian-gcc 0.3.0 5.81 85.48 91.29 OK
r-devel-linux-x86_64-fedora-clang 0.3.0 178.35 NOTE
r-devel-linux-x86_64-fedora-gcc 0.3.0 186.41 NOTE
r-devel-windows-x86_64 0.3.0 11.00 96.00 107.00 OK
r-patched-linux-x86_64 0.3.0 7.98 109.22 117.20 OK
r-release-linux-x86_64 0.3.0 8.68 110.44 119.12 OK
r-release-macos-arm64 0.3.0 44.00 OK
r-release-macos-x86_64 0.3.0 86.00 OK
r-release-windows-x86_64 0.3.0 11.00 91.00 102.00 OK
r-oldrel-macos-arm64 0.3.0 44.00 NOTE
r-oldrel-macos-x86_64 0.3.0 119.00 OK
r-oldrel-windows-x86_64 0.3.0 13.00 115.00 128.00 NOTE

Check Details

Version: 0.3.0
Check: dependencies in R code
Result: NOTE Namespaces in Imports field not imported from: ‘magrittr’ ‘tidyverse’ All declared Imports should be used. Flavors: r-devel-linux-x86_64-fedora-clang, r-devel-linux-x86_64-fedora-gcc

Version: 0.3.0
Check: package dependencies
Result: NOTE Package suggested but not available for checking: ‘metaboliteIDmapping’ Flavors: r-oldrel-macos-arm64, r-oldrel-windows-x86_64