CRAN Package Check Results for Package amber

Last updated on 2020-02-21 19:48:44 CET.

Flavor Version Tinstall Tcheck Ttotal Status Flags
r-devel-linux-x86_64-debian-clang 0.1.6 9.70 100.08 109.78 OK
r-devel-linux-x86_64-debian-gcc 0.1.6 8.84 76.58 85.42 OK
r-devel-linux-x86_64-fedora-clang 0.1.6 126.83 NOTE
r-devel-linux-x86_64-fedora-gcc 0.1.6 125.75 NOTE
r-devel-windows-ix86+x86_64 0.1.6 24.00 113.00 137.00 NOTE
r-devel-windows-ix86+x86_64-gcc8 0.1.6 33.00 154.00 187.00 NOTE
r-patched-linux-x86_64 0.1.6 OK
r-patched-solaris-x86 0.1.6 166.10 NOTE
r-release-linux-x86_64 0.1.6 9.71 89.61 99.32 OK
r-release-windows-ix86+x86_64 0.1.6 18.00 115.00 133.00 NOTE
r-release-osx-x86_64 0.1.6 NOTE
r-oldrel-windows-ix86+x86_64 0.1.6 15.00 107.00 122.00 NOTE
r-oldrel-osx-x86_64 0.1.6 NOTE

Check Details

Version: 0.1.6
Check: installed package size
Result: NOTE
     installed size is 12.2Mb
     sub-directories of 1Mb or more:
     extdata 11.7Mb
Flavors: r-devel-linux-x86_64-fedora-clang, r-devel-windows-ix86+x86_64, r-devel-windows-ix86+x86_64-gcc8, r-patched-solaris-x86, r-release-windows-ix86+x86_64, r-release-osx-x86_64, r-oldrel-windows-ix86+x86_64, r-oldrel-osx-x86_64

Version: 0.1.6
Check: dependencies in R code
Result: NOTE
    Namespace in Imports field not imported from: ‘rgdal’
     All declared Imports should be used.
Flavors: r-devel-linux-x86_64-fedora-clang, r-devel-linux-x86_64-fedora-gcc, r-patched-solaris-x86, r-release-osx-x86_64, r-oldrel-osx-x86_64