Last updated on 2024-08-16 01:48:12 CEST.
Flavor | Version | Tinstall | Tcheck | Ttotal | Status | Flags |
---|---|---|---|---|---|---|
r-devel-linux-x86_64-debian-clang | 1.0.7.2 | 4.73 | 38.45 | 43.18 | OK | |
r-devel-linux-x86_64-debian-gcc | 1.0.7.2 | 2.87 | 28.17 | 31.04 | OK | |
r-devel-linux-x86_64-fedora-clang | 1.0.7.2 | 68.84 | OK | |||
r-devel-linux-x86_64-fedora-gcc | 1.0.7.2 | 65.79 | OK | |||
r-devel-windows-x86_64 | 1.0.7.2 | 6.00 | 72.00 | 78.00 | OK | |
r-patched-linux-x86_64 | 1.0.7.2 | 5.12 | 35.76 | 40.88 | OK | |
r-release-linux-x86_64 | 1.0.7.2 | 2.89 | 36.55 | 39.44 | OK | |
r-release-macos-arm64 | 1.0.7.2 | 25.00 | OK | |||
r-release-macos-x86_64 | 1.0.7.2 | 34.00 | NOTE | |||
r-release-windows-x86_64 | 1.0.7.2 | 8.00 | 72.00 | 80.00 | OK | |
r-oldrel-macos-arm64 | 1.0.7.2 | 26.00 | OK | |||
r-oldrel-macos-x86_64 | 1.0.7.2 | 44.00 | OK | |||
r-oldrel-windows-x86_64 | 1.0.7.2 | 8.00 | 80.00 | 88.00 | OK |
Version: 1.0.7.2
Check: package dependencies
Result: NOTE
Package suggested but not available for checking: ‘arrow’
Flavor: r-release-macos-x86_64