Last updated on 2025-05-02 02:50:48 CEST.
Flavor | Version | Tinstall | Tcheck | Ttotal | Status | Flags |
---|---|---|---|---|---|---|
r-devel-linux-x86_64-debian-clang | 1.0.1 | 6.71 | 88.54 | 95.25 | NOTE | |
r-devel-linux-x86_64-debian-gcc | 1.0.1 | 4.81 | 61.05 | 65.86 | OK | |
r-devel-linux-x86_64-fedora-clang | 1.0.1 | 136.85 | OK | |||
r-devel-linux-x86_64-fedora-gcc | 1.0.1 | 141.69 | OK | |||
r-devel-windows-x86_64 | 1.0.1 | 9.00 | 97.00 | 106.00 | OK | |
r-patched-linux-x86_64 | 1.0.1 | 7.01 | 80.41 | 87.42 | OK | |
r-release-linux-x86_64 | OK | |||||
r-release-macos-arm64 | 1.0.1 | 52.00 | OK | |||
r-release-macos-x86_64 | 1.0.1 | 86.00 | OK | |||
r-release-windows-x86_64 | 1.0.1 | 9.00 | 105.00 | 114.00 | OK | |
r-oldrel-macos-arm64 | 1.0.1 | 44.00 | NOTE | |||
r-oldrel-macos-x86_64 | 1.0.1 | 68.00 | NOTE | |||
r-oldrel-windows-x86_64 | 1.0.1 | 9.00 | 125.00 | 134.00 | NOTE |
Version: 1.0.1
Check: examples
Result: NOTE
Examples with CPU (user + system) or elapsed time > 5s
user system elapsed
plottr 5.516 0.054 6.554
plot.analyzerPlot 4.525 0.032 5.766
Flavor: r-devel-linux-x86_64-debian-clang
Version: 1.0.1
Check: LazyData
Result: NOTE
'LazyData' is specified without a 'data' directory
Flavors: r-oldrel-macos-arm64, r-oldrel-macos-x86_64, r-oldrel-windows-x86_64