CRAN Package Check Results for Package animaltracker

Last updated on 2022-07-03 01:48:48 CEST.

Flavor Version Tinstall Tcheck Ttotal Status Flags
r-devel-linux-x86_64-debian-clang 0.2.0 11.08 101.10 112.18 OK
r-devel-linux-x86_64-debian-gcc 0.2.0 8.91 74.31 83.22 OK
r-devel-linux-x86_64-fedora-clang 0.2.0 140.85 NOTE
r-devel-linux-x86_64-fedora-gcc 0.2.0 137.87 OK
r-devel-windows-x86_64 0.2.0 81.00 133.00 214.00 OK
r-patched-linux-x86_64 0.2.0 12.41 94.72 107.13 OK
r-release-linux-x86_64 0.2.0 9.19 94.10 103.29 OK
r-release-macos-arm64 0.2.0 39.00 OK
r-release-macos-x86_64 0.2.0 67.00 OK
r-release-windows-x86_64 0.2.0 107.00 129.00 236.00 OK
r-oldrel-macos-arm64 0.2.0 45.00 OK
r-oldrel-macos-x86_64 0.2.0 52.00 OK
r-oldrel-windows-ix86+x86_64 0.2.0 26.00 123.00 149.00 OK

Check Details

Version: 0.2.0
Check: package dependencies
Result: NOTE
    Imports includes 22 non-default packages.
    Importing from so many packages makes the package vulnerable to any of
    them becoming unavailable. Move as many as possible to Suggests and
    use conditionally.
Flavor: r-devel-linux-x86_64-fedora-clang