Last updated on 2024-04-18 01:55:00 CEST.
Flavor | Version | Tinstall | Tcheck | Ttotal | Status | Flags |
---|---|---|---|---|---|---|
r-devel-linux-x86_64-debian-clang | 2.6.0 | 16.87 | 210.22 | 227.09 | NOTE | |
r-devel-linux-x86_64-debian-gcc | 2.6.0 | 12.27 | 200.81 | 213.08 | NOTE | |
r-devel-linux-x86_64-fedora-clang | 2.6.0 | 328.14 | NOTE | |||
r-devel-linux-x86_64-fedora-gcc | 2.6.0 | 339.66 | NOTE | |||
r-prerel-macos-arm64 | 2.6.0 | 77.00 | NOTE | |||
r-prerel-windows-x86_64 | 2.6.0 | 15.00 | 189.00 | 204.00 | NOTE | |
r-patched-linux-x86_64 | 2.6.0 | 18.72 | 241.20 | 259.92 | NOTE | |
r-release-linux-x86_64 | 2.6.0 | 14.99 | 239.00 | 253.99 | OK | |
r-release-macos-arm64 | 2.6.0 | 81.00 | NOTE | |||
r-release-macos-x86_64 | 2.6.0 | 151.00 | NOTE | |||
r-release-windows-x86_64 | 2.6.0 | 22.00 | 204.00 | 226.00 | OK | |
r-oldrel-macos-arm64 | 2.6.0 | 74.00 | OK | |||
r-oldrel-windows-x86_64 | 2.6.0 | 21.00 | 202.00 | 223.00 | OK |
Version: 2.6.0
Check: Rd files
Result: NOTE
checkRd: (-1) aggregatate_mc_all.Rd:40: Lost braces in \itemize; meant \describe ?
checkRd: (-1) aggregatate_mc_all.Rd:41: Lost braces in \itemize; meant \describe ?
checkRd: (-1) aggregatate_mc_all.Rd:42: Lost braces in \itemize; meant \describe ?
Flavors: r-devel-linux-x86_64-debian-clang, r-devel-linux-x86_64-debian-gcc, r-devel-linux-x86_64-fedora-clang, r-devel-linux-x86_64-fedora-gcc, r-prerel-macos-arm64, r-prerel-windows-x86_64, r-patched-linux-x86_64
Version: 2.6.0
Check: package dependencies
Result: NOTE
Package suggested but not available for checking: ‘rhdf5’
Flavors: r-release-macos-arm64, r-release-macos-x86_64