Last updated on 2025-05-09 01:49:58 CEST.
Flavor | Version | Tinstall | Tcheck | Ttotal | Status | Flags |
---|---|---|---|---|---|---|
r-devel-linux-x86_64-debian-clang | 1.0.5 | 1.99 | 311.96 | 313.95 | OK | |
r-devel-linux-x86_64-debian-gcc | 1.0.5 | 1.48 | 226.43 | 227.91 | OK | |
r-devel-linux-x86_64-fedora-clang | 1.0.5 | 494.29 | NOTE | |||
r-devel-linux-x86_64-fedora-gcc | 1.0.5 | 421.34 | NOTE | |||
r-devel-windows-x86_64 | 1.0.5 | 4.00 | 73.00 | 77.00 | OK | |
r-patched-linux-x86_64 | 1.0.5 | 1.59 | 334.67 | 336.26 | OK | |
r-release-linux-x86_64 | 1.0.5 | 1.45 | 304.90 | 306.35 | OK | |
r-release-macos-arm64 | 1.0.5 | 55.00 | OK | |||
r-release-macos-x86_64 | 1.0.5 | 79.00 | OK | |||
r-release-windows-x86_64 | 1.0.5 | 5.00 | 75.00 | 80.00 | OK | |
r-oldrel-macos-arm64 | 1.0.5 | 87.00 | NOTE | |||
r-oldrel-macos-x86_64 | 1.0.5 | 117.00 | NOTE | |||
r-oldrel-windows-x86_64 | 1.0.5 | 5.00 | 84.00 | 89.00 | NOTE |
Version: 1.0.5
Check: dependencies in R code
Result: NOTE
Namespaces in Imports field not imported from:
‘curl’ ‘httr’
All declared Imports should be used.
Flavors: r-devel-linux-x86_64-fedora-clang, r-devel-linux-x86_64-fedora-gcc
Version: 1.0.5
Check: LazyData
Result: NOTE
'LazyData' is specified without a 'data' directory
Flavors: r-oldrel-macos-arm64, r-oldrel-macos-x86_64, r-oldrel-windows-x86_64