Last updated on 2025-04-15 01:50:27 CEST.
Flavor | Version | Tinstall | Tcheck | Ttotal | Status | Flags |
---|---|---|---|---|---|---|
r-devel-linux-x86_64-debian-clang | 0.1.5 | 136.23 | 158.07 | 294.30 | OK | |
r-devel-linux-x86_64-debian-gcc | 0.1.5 | 103.67 | 114.54 | 218.21 | OK | |
r-devel-linux-x86_64-fedora-clang | 0.1.5 | 542.34 | OK | |||
r-devel-linux-x86_64-fedora-gcc | 0.1.5 | 529.08 | OK | |||
r-devel-windows-x86_64 | 0.1.5 | 151.00 | 167.00 | 318.00 | OK | |
r-patched-linux-x86_64 | 0.1.5 | 140.35 | 153.41 | 293.76 | OK | |
r-release-linux-x86_64 | 0.1.5 | 144.84 | 150.32 | 295.16 | OK | |
r-release-macos-arm64 | 0.1.5 | 135.00 | OK | |||
r-release-macos-x86_64 | 0.1.5 | 174.00 | OK | |||
r-release-windows-x86_64 | 0.1.5 | 156.00 | 166.00 | 322.00 | OK | |
r-oldrel-macos-arm64 | 0.1.5 | 125.00 | NOTE | |||
r-oldrel-macos-x86_64 | 0.1.5 | 207.00 | NOTE | |||
r-oldrel-windows-x86_64 | 0.1.5 | 182.00 | 215.00 | 397.00 | OK |
Version: 0.1.5
Check: installed package size
Result: NOTE
installed size is 10.4Mb
sub-directories of 1Mb or more:
libs 8.9Mb
Flavors: r-oldrel-macos-arm64, r-oldrel-macos-x86_64