CRAN Package Check Results for Package aos

Last updated on 2025-10-08 02:51:31 CEST.

Flavor Version Tinstall Tcheck Ttotal Status Flags
r-devel-linux-x86_64-debian-clang 0.1.0 2.08 25.45 27.53 OK
r-devel-linux-x86_64-debian-gcc 0.1.0 1.66 21.12 22.78 OK
r-devel-linux-x86_64-fedora-clang 0.1.0 38.69 OK
r-devel-linux-x86_64-fedora-gcc 0.1.0 36.80 OK
r-devel-windows-x86_64 0.1.0 3.00 44.00 47.00 OK
r-patched-linux-x86_64 0.1.0 2.18 22.67 24.85 OK
r-release-linux-x86_64 0.1.0 2.16 23.04 25.20 OK
r-release-macos-arm64 0.1.0 20.00 OK
r-release-macos-x86_64 0.1.0 34.00 OK
r-release-windows-x86_64 0.1.0 3.00 43.00 46.00 OK
r-oldrel-macos-arm64 0.1.0 17.00 NOTE
r-oldrel-macos-x86_64 0.1.0 23.00 NOTE
r-oldrel-windows-x86_64 0.1.0 4.00 48.00 52.00 NOTE

Check Details

Version: 0.1.0
Check: LazyData
Result: NOTE 'LazyData' is specified without a 'data' directory Flavors: r-oldrel-macos-arm64, r-oldrel-macos-x86_64, r-oldrel-windows-x86_64