Last updated on 2022-06-30 01:49:02 CEST.
Flavor | Version | Tinstall | Tcheck | Ttotal | Status | Flags |
---|---|---|---|---|---|---|
r-devel-linux-x86_64-debian-clang | 2.0.0 | 19.72 | 553.62 | 573.34 | OK | |
r-devel-linux-x86_64-debian-gcc | 2.0.0 | 19.56 | 412.25 | 431.81 | OK | |
r-devel-linux-x86_64-fedora-clang | 2.0.0 | 693.32 | NOTE | |||
r-devel-linux-x86_64-fedora-gcc | 2.0.0 | 694.16 | NOTE | |||
r-devel-windows-x86_64 | 2.0.0 | 31.00 | 696.00 | 727.00 | OK | |
r-patched-linux-x86_64 | 2.0.0 | 27.96 | 524.71 | 552.67 | OK | |
r-release-linux-x86_64 | 2.0.0 | 20.15 | 537.90 | 558.05 | OK | |
r-release-macos-arm64 | 2.0.0 | 355.00 | NOTE | |||
r-release-macos-x86_64 | 2.0.0 | 586.00 | NOTE | |||
r-release-windows-x86_64 | 2.0.0 | 44.00 | 673.00 | 717.00 | OK | |
r-oldrel-macos-arm64 | 2.0.0 | 468.00 | NOTE | |||
r-oldrel-macos-x86_64 | 2.0.0 | 820.00 | NOTE | |||
r-oldrel-windows-ix86+x86_64 | 2.0.0 | 41.00 | 710.00 | 751.00 | OK |
Version: 2.0.0
Check: dependencies in R code
Result: NOTE
Namespaces in Imports field not imported from:
‘AER’ ‘ChainLadder’ ‘ISLR’ ‘ggplot2’
All declared Imports should be used.
Flavors: r-devel-linux-x86_64-fedora-clang, r-devel-linux-x86_64-fedora-gcc, r-release-macos-arm64, r-release-macos-x86_64, r-oldrel-macos-arm64, r-oldrel-macos-x86_64