Last updated on 2024-08-16 01:48:12 CEST.
Flavor | Version | Tinstall | Tcheck | Ttotal | Status | Flags |
---|---|---|---|---|---|---|
r-devel-linux-x86_64-debian-clang | 1.3.5 | 21.68 | 109.56 | 131.24 | NOTE | |
r-devel-linux-x86_64-debian-gcc | 1.3.5 | 16.25 | 78.52 | 94.77 | NOTE | |
r-devel-linux-x86_64-fedora-clang | 1.3.5 | 224.79 | NOTE | |||
r-devel-linux-x86_64-fedora-gcc | 1.3.5 | 225.94 | NOTE | |||
r-devel-windows-x86_64 | 1.3.5 | 16.00 | 109.00 | 125.00 | NOTE | |
r-patched-linux-x86_64 | 1.3.5 | 21.78 | 103.15 | 124.93 | NOTE | |
r-release-linux-x86_64 | 1.3.5 | 20.78 | 104.16 | 124.94 | NOTE | |
r-release-macos-arm64 | 1.3.5 | 94.00 | NOTE | |||
r-release-macos-x86_64 | 1.3.5 | 141.00 | NOTE | |||
r-release-windows-x86_64 | 1.3.5 | 16.00 | 108.00 | 124.00 | NOTE | |
r-oldrel-macos-arm64 | 1.3.5 | 58.00 | OK | |||
r-oldrel-macos-x86_64 | 1.3.5 | 98.00 | OK | |||
r-oldrel-windows-x86_64 | 1.3.5 | 19.00 | 118.00 | 137.00 | OK |
Version: 1.3.5
Check: Rd files
Result: NOTE
checkRd: (-1) iconplot.Rd:172: Lost braces
172 | the height of the area containing the panels and a margin of size code{100 * 0.1}
| ^
Flavors: r-devel-linux-x86_64-debian-clang, r-devel-linux-x86_64-debian-gcc, r-devel-linux-x86_64-fedora-clang, r-devel-linux-x86_64-fedora-gcc, r-devel-windows-x86_64, r-patched-linux-x86_64, r-release-linux-x86_64, r-release-macos-arm64, r-release-macos-x86_64, r-release-windows-x86_64