Last updated on 2024-04-23 01:56:53 CEST.
Flavor | Version | Tinstall | Tcheck | Ttotal | Status | Flags |
---|---|---|---|---|---|---|
r-devel-linux-x86_64-debian-clang | 0.1.0 | 12.23 | 188.44 | 200.67 | ERROR | |
r-devel-linux-x86_64-debian-gcc | 0.1.0 | 10.13 | 138.73 | 148.86 | ERROR | |
r-devel-linux-x86_64-fedora-clang | 0.1.0 | 250.44 | ERROR | |||
r-devel-linux-x86_64-fedora-gcc | 0.1.0 | 247.58 | ERROR | |||
r-prerel-macos-arm64 | 0.1.0 | 65.00 | ERROR | |||
r-prerel-windows-x86_64 | 0.1.0 | 12.00 | 154.00 | 166.00 | ERROR | |
r-patched-linux-x86_64 | 0.1.0 | 12.43 | 175.85 | 188.28 | ERROR | |
r-release-linux-x86_64 | 0.1.0 | 11.47 | 183.25 | 194.72 | ERROR | |
r-release-macos-arm64 | 0.1.0 | 72.00 | OK | |||
r-release-macos-x86_64 | 0.1.0 | 118.00 | OK | |||
r-release-windows-x86_64 | 0.1.0 | 15.00 | 194.00 | 209.00 | ERROR | |
r-oldrel-macos-arm64 | 0.1.0 | 61.00 | OK | |||
r-oldrel-windows-x86_64 | 0.1.0 | 16.00 | 196.00 | 212.00 | OK |
Version: 0.1.0
Check: tests
Result: ERROR
Running ‘spelling.R’ [0s/1s]
Running ‘testthat.R’ [12s/15s]
Running the tests in ‘tests/testthat.R’ failed.
Complete output:
> library(testthat)
> library(applicable)
Loading required package: ggplot2
>
> test_check("applicable")
Loading required package: dplyr
Attaching package: 'dplyr'
The following object is masked from 'package:testthat':
matches
The following objects are masked from 'package:stats':
filter, lag
The following objects are masked from 'package:base':
intersect, setdiff, setequal, union
Attaching package: 'recipes'
The following object is masked from 'package:stats':
step
Attaching package: 'proxyC'
The following object is masked from 'package:stats':
dist
[ FAIL 1 | WARN 0 | SKIP 22 | PASS 92 ]
══ Skipped tests (22) ══════════════════════════════════════════════════════════
• On CRAN (22): 'test-hat_values-fit.R:15:3', 'test-hat_values-fit.R:21:3',
'test-hat_values-fit.R:111:3', 'test-hat_values-fit.R:123:3',
'test-hat_values-score.R:2:3', 'test-hat_values-score.R:9:3',
'test-hat_values-score.R:17:3', 'test-isolation-fit.R:38:3',
'test-misc.R:3:3', 'test-pca-fit.R:21:3', 'test-pca-fit.R:27:3',
'test-pca-score.R:2:3', 'test-pca-score.R:9:3', 'test-pca-score.R:17:3',
'test-print.R:4:3', 'test-print.R:36:3', 'test-similarity.R:117:3',
'test-similarity.R:128:3', 'test-similarity.R:147:3',
'test-similarity.R:171:3', 'test-similarity.R:186:3',
'test-similarity.R:202:3'
══ Failed tests ════════════════════════════════════════════════════════════════
── Failure ('test-isolation-fit.R:29:3'): model fitting for isolation forests ──
res_rec$model$params$ndim (`actual`) not equal to 2 (`expected`).
`actual`: 1
`expected`: 2
[ FAIL 1 | WARN 0 | SKIP 22 | PASS 92 ]
Error: Test failures
Execution halted
Flavor: r-devel-linux-x86_64-debian-clang
Version: 0.1.0
Check: tests
Result: ERROR
Running ‘spelling.R’ [0s/1s]
Running ‘testthat.R’ [9s/14s]
Running the tests in ‘tests/testthat.R’ failed.
Complete output:
> library(testthat)
> library(applicable)
Loading required package: ggplot2
>
> test_check("applicable")
Loading required package: dplyr
Attaching package: 'dplyr'
The following object is masked from 'package:testthat':
matches
The following objects are masked from 'package:stats':
filter, lag
The following objects are masked from 'package:base':
intersect, setdiff, setequal, union
Attaching package: 'recipes'
The following object is masked from 'package:stats':
step
Attaching package: 'proxyC'
The following object is masked from 'package:stats':
dist
[ FAIL 1 | WARN 0 | SKIP 22 | PASS 92 ]
══ Skipped tests (22) ══════════════════════════════════════════════════════════
• On CRAN (22): 'test-hat_values-fit.R:15:3', 'test-hat_values-fit.R:21:3',
'test-hat_values-fit.R:111:3', 'test-hat_values-fit.R:123:3',
'test-hat_values-score.R:2:3', 'test-hat_values-score.R:9:3',
'test-hat_values-score.R:17:3', 'test-isolation-fit.R:38:3',
'test-misc.R:3:3', 'test-pca-fit.R:21:3', 'test-pca-fit.R:27:3',
'test-pca-score.R:2:3', 'test-pca-score.R:9:3', 'test-pca-score.R:17:3',
'test-print.R:4:3', 'test-print.R:36:3', 'test-similarity.R:117:3',
'test-similarity.R:128:3', 'test-similarity.R:147:3',
'test-similarity.R:171:3', 'test-similarity.R:186:3',
'test-similarity.R:202:3'
══ Failed tests ════════════════════════════════════════════════════════════════
── Failure ('test-isolation-fit.R:29:3'): model fitting for isolation forests ──
res_rec$model$params$ndim (`actual`) not equal to 2 (`expected`).
`actual`: 1
`expected`: 2
[ FAIL 1 | WARN 0 | SKIP 22 | PASS 92 ]
Error: Test failures
Execution halted
Flavor: r-devel-linux-x86_64-debian-gcc
Version: 0.1.0
Check: tests
Result: ERROR
Running ‘spelling.R’
Running ‘testthat.R’ [14s/20s]
Running the tests in ‘tests/testthat.R’ failed.
Complete output:
> library(testthat)
> library(applicable)
Loading required package: ggplot2
>
> test_check("applicable")
Loading required package: dplyr
Attaching package: 'dplyr'
The following object is masked from 'package:testthat':
matches
The following objects are masked from 'package:stats':
filter, lag
The following objects are masked from 'package:base':
intersect, setdiff, setequal, union
Attaching package: 'recipes'
The following object is masked from 'package:stats':
step
Attaching package: 'proxyC'
The following object is masked from 'package:stats':
dist
[ FAIL 1 | WARN 0 | SKIP 22 | PASS 92 ]
══ Skipped tests (22) ══════════════════════════════════════════════════════════
• On CRAN (22): 'test-hat_values-fit.R:15:3', 'test-hat_values-fit.R:21:3',
'test-hat_values-fit.R:111:3', 'test-hat_values-fit.R:123:3',
'test-hat_values-score.R:2:3', 'test-hat_values-score.R:9:3',
'test-hat_values-score.R:17:3', 'test-isolation-fit.R:38:3',
'test-misc.R:3:3', 'test-pca-fit.R:21:3', 'test-pca-fit.R:27:3',
'test-pca-score.R:2:3', 'test-pca-score.R:9:3', 'test-pca-score.R:17:3',
'test-print.R:4:3', 'test-print.R:36:3', 'test-similarity.R:117:3',
'test-similarity.R:128:3', 'test-similarity.R:147:3',
'test-similarity.R:171:3', 'test-similarity.R:186:3',
'test-similarity.R:202:3'
══ Failed tests ════════════════════════════════════════════════════════════════
── Failure ('test-isolation-fit.R:29:3'): model fitting for isolation forests ──
res_rec$model$params$ndim (`actual`) not equal to 2 (`expected`).
`actual`: 1
`expected`: 2
[ FAIL 1 | WARN 0 | SKIP 22 | PASS 92 ]
Error: Test failures
Execution halted
Flavor: r-devel-linux-x86_64-fedora-clang
Version: 0.1.0
Check: tests
Result: ERROR
Running ‘spelling.R’
Running ‘testthat.R’ [13s/17s]
Running the tests in ‘tests/testthat.R’ failed.
Complete output:
> library(testthat)
> library(applicable)
Loading required package: ggplot2
>
> test_check("applicable")
Loading required package: dplyr
Attaching package: 'dplyr'
The following object is masked from 'package:testthat':
matches
The following objects are masked from 'package:stats':
filter, lag
The following objects are masked from 'package:base':
intersect, setdiff, setequal, union
Attaching package: 'recipes'
The following object is masked from 'package:stats':
step
Attaching package: 'proxyC'
The following object is masked from 'package:stats':
dist
[ FAIL 1 | WARN 0 | SKIP 22 | PASS 92 ]
══ Skipped tests (22) ══════════════════════════════════════════════════════════
• On CRAN (22): 'test-hat_values-fit.R:15:3', 'test-hat_values-fit.R:21:3',
'test-hat_values-fit.R:111:3', 'test-hat_values-fit.R:123:3',
'test-hat_values-score.R:2:3', 'test-hat_values-score.R:9:3',
'test-hat_values-score.R:17:3', 'test-isolation-fit.R:38:3',
'test-misc.R:3:3', 'test-pca-fit.R:21:3', 'test-pca-fit.R:27:3',
'test-pca-score.R:2:3', 'test-pca-score.R:9:3', 'test-pca-score.R:17:3',
'test-print.R:4:3', 'test-print.R:36:3', 'test-similarity.R:117:3',
'test-similarity.R:128:3', 'test-similarity.R:147:3',
'test-similarity.R:171:3', 'test-similarity.R:186:3',
'test-similarity.R:202:3'
══ Failed tests ════════════════════════════════════════════════════════════════
── Failure ('test-isolation-fit.R:29:3'): model fitting for isolation forests ──
res_rec$model$params$ndim (`actual`) not equal to 2 (`expected`).
`actual`: 1
`expected`: 2
[ FAIL 1 | WARN 0 | SKIP 22 | PASS 92 ]
Error: Test failures
Execution halted
Flavor: r-devel-linux-x86_64-fedora-gcc
Version: 0.1.0
Check: tests
Result: ERROR
Running ‘spelling.R’ [0s/0s]
Running ‘testthat.R’ [4s/4s]
Running the tests in ‘tests/testthat.R’ failed.
Last 13 lines of output:
'test-print.R:4:3', 'test-print.R:36:3', 'test-similarity.R:117:3',
'test-similarity.R:128:3', 'test-similarity.R:147:3',
'test-similarity.R:171:3', 'test-similarity.R:186:3',
'test-similarity.R:202:3'
══ Failed tests ════════════════════════════════════════════════════════════════
── Failure ('test-isolation-fit.R:29:3'): model fitting for isolation forests ──
res_rec$model$params$ndim (`actual`) not equal to 2 (`expected`).
`actual`: 1
`expected`: 2
[ FAIL 1 | WARN 0 | SKIP 22 | PASS 92 ]
Error: Test failures
Execution halted
Flavor: r-prerel-macos-arm64
Version: 0.1.0
Check: tests
Result: ERROR
Running 'spelling.R' [0s]
Running 'testthat.R' [8s]
Running the tests in 'tests/testthat.R' failed.
Complete output:
> library(testthat)
> library(applicable)
Loading required package: ggplot2
>
> test_check("applicable")
Loading required package: dplyr
Attaching package: 'dplyr'
The following object is masked from 'package:testthat':
matches
The following objects are masked from 'package:stats':
filter, lag
The following objects are masked from 'package:base':
intersect, setdiff, setequal, union
Attaching package: 'recipes'
The following object is masked from 'package:stats':
step
Attaching package: 'proxyC'
The following object is masked from 'package:stats':
dist
[ FAIL 1 | WARN 0 | SKIP 22 | PASS 92 ]
══ Skipped tests (22) ══════════════════════════════════════════════════════════
• On CRAN (22): 'test-hat_values-fit.R:15:3', 'test-hat_values-fit.R:21:3',
'test-hat_values-fit.R:111:3', 'test-hat_values-fit.R:123:3',
'test-hat_values-score.R:2:3', 'test-hat_values-score.R:9:3',
'test-hat_values-score.R:17:3', 'test-isolation-fit.R:38:3',
'test-misc.R:3:3', 'test-pca-fit.R:21:3', 'test-pca-fit.R:27:3',
'test-pca-score.R:2:3', 'test-pca-score.R:9:3', 'test-pca-score.R:17:3',
'test-print.R:4:3', 'test-print.R:36:3', 'test-similarity.R:117:3',
'test-similarity.R:128:3', 'test-similarity.R:147:3',
'test-similarity.R:171:3', 'test-similarity.R:186:3',
'test-similarity.R:202:3'
══ Failed tests ════════════════════════════════════════════════════════════════
── Failure ('test-isolation-fit.R:29:3'): model fitting for isolation forests ──
res_rec$model$params$ndim (`actual`) not equal to 2 (`expected`).
`actual`: 1
`expected`: 2
[ FAIL 1 | WARN 0 | SKIP 22 | PASS 92 ]
Error: Test failures
Execution halted
Flavor: r-prerel-windows-x86_64
Version: 0.1.0
Check: tests
Result: ERROR
Running ‘spelling.R’ [0s/0s]
Running ‘testthat.R’ [11s/14s]
Running the tests in ‘tests/testthat.R’ failed.
Complete output:
> library(testthat)
> library(applicable)
Loading required package: ggplot2
>
> test_check("applicable")
Loading required package: dplyr
Attaching package: 'dplyr'
The following object is masked from 'package:testthat':
matches
The following objects are masked from 'package:stats':
filter, lag
The following objects are masked from 'package:base':
intersect, setdiff, setequal, union
Attaching package: 'recipes'
The following object is masked from 'package:stats':
step
Attaching package: 'proxyC'
The following object is masked from 'package:stats':
dist
[ FAIL 1 | WARN 0 | SKIP 22 | PASS 92 ]
══ Skipped tests (22) ══════════════════════════════════════════════════════════
• On CRAN (22): 'test-hat_values-fit.R:15:3', 'test-hat_values-fit.R:21:3',
'test-hat_values-fit.R:111:3', 'test-hat_values-fit.R:123:3',
'test-hat_values-score.R:2:3', 'test-hat_values-score.R:9:3',
'test-hat_values-score.R:17:3', 'test-isolation-fit.R:38:3',
'test-misc.R:3:3', 'test-pca-fit.R:21:3', 'test-pca-fit.R:27:3',
'test-pca-score.R:2:3', 'test-pca-score.R:9:3', 'test-pca-score.R:17:3',
'test-print.R:4:3', 'test-print.R:36:3', 'test-similarity.R:117:3',
'test-similarity.R:128:3', 'test-similarity.R:147:3',
'test-similarity.R:171:3', 'test-similarity.R:186:3',
'test-similarity.R:202:3'
══ Failed tests ════════════════════════════════════════════════════════════════
── Failure ('test-isolation-fit.R:29:3'): model fitting for isolation forests ──
res_rec$model$params$ndim (`actual`) not equal to 2 (`expected`).
`actual`: 1
`expected`: 2
[ FAIL 1 | WARN 0 | SKIP 22 | PASS 92 ]
Error: Test failures
Execution halted
Flavor: r-patched-linux-x86_64
Version: 0.1.0
Check: tests
Result: ERROR
Running ‘spelling.R’ [0s/0s]
Running ‘testthat.R’ [11s/13s]
Running the tests in ‘tests/testthat.R’ failed.
Complete output:
> library(testthat)
> library(applicable)
Loading required package: ggplot2
>
> test_check("applicable")
Loading required package: dplyr
Attaching package: 'dplyr'
The following object is masked from 'package:testthat':
matches
The following objects are masked from 'package:stats':
filter, lag
The following objects are masked from 'package:base':
intersect, setdiff, setequal, union
Attaching package: 'recipes'
The following object is masked from 'package:stats':
step
Attaching package: 'proxyC'
The following object is masked from 'package:stats':
dist
[ FAIL 1 | WARN 0 | SKIP 22 | PASS 92 ]
══ Skipped tests (22) ══════════════════════════════════════════════════════════
• On CRAN (22): 'test-hat_values-fit.R:15:3', 'test-hat_values-fit.R:21:3',
'test-hat_values-fit.R:111:3', 'test-hat_values-fit.R:123:3',
'test-hat_values-score.R:2:3', 'test-hat_values-score.R:9:3',
'test-hat_values-score.R:17:3', 'test-isolation-fit.R:38:3',
'test-misc.R:3:3', 'test-pca-fit.R:21:3', 'test-pca-fit.R:27:3',
'test-pca-score.R:2:3', 'test-pca-score.R:9:3', 'test-pca-score.R:17:3',
'test-print.R:4:3', 'test-print.R:36:3', 'test-similarity.R:117:3',
'test-similarity.R:128:3', 'test-similarity.R:147:3',
'test-similarity.R:171:3', 'test-similarity.R:186:3',
'test-similarity.R:202:3'
══ Failed tests ════════════════════════════════════════════════════════════════
── Failure ('test-isolation-fit.R:29:3'): model fitting for isolation forests ──
res_rec$model$params$ndim (`actual`) not equal to 2 (`expected`).
`actual`: 1
`expected`: 2
[ FAIL 1 | WARN 0 | SKIP 22 | PASS 92 ]
Error: Test failures
Execution halted
Flavor: r-release-linux-x86_64
Version: 0.1.0
Check: tests
Result: ERROR
Running 'spelling.R' [0s]
Running 'testthat.R' [10s]
Running the tests in 'tests/testthat.R' failed.
Complete output:
> library(testthat)
> library(applicable)
Loading required package: ggplot2
>
> test_check("applicable")
Loading required package: dplyr
Attaching package: 'dplyr'
The following object is masked from 'package:testthat':
matches
The following objects are masked from 'package:stats':
filter, lag
The following objects are masked from 'package:base':
intersect, setdiff, setequal, union
Attaching package: 'recipes'
The following object is masked from 'package:stats':
step
Attaching package: 'proxyC'
The following object is masked from 'package:stats':
dist
[ FAIL 1 | WARN 0 | SKIP 22 | PASS 92 ]
══ Skipped tests (22) ══════════════════════════════════════════════════════════
• On CRAN (22): 'test-hat_values-fit.R:15:3', 'test-hat_values-fit.R:21:3',
'test-hat_values-fit.R:111:3', 'test-hat_values-fit.R:123:3',
'test-hat_values-score.R:2:3', 'test-hat_values-score.R:9:3',
'test-hat_values-score.R:17:3', 'test-isolation-fit.R:38:3',
'test-misc.R:3:3', 'test-pca-fit.R:21:3', 'test-pca-fit.R:27:3',
'test-pca-score.R:2:3', 'test-pca-score.R:9:3', 'test-pca-score.R:17:3',
'test-print.R:4:3', 'test-print.R:36:3', 'test-similarity.R:117:3',
'test-similarity.R:128:3', 'test-similarity.R:147:3',
'test-similarity.R:171:3', 'test-similarity.R:186:3',
'test-similarity.R:202:3'
══ Failed tests ════════════════════════════════════════════════════════════════
── Failure ('test-isolation-fit.R:29:3'): model fitting for isolation forests ──
res_rec$model$params$ndim (`actual`) not equal to 2 (`expected`).
`actual`: 1
`expected`: 2
[ FAIL 1 | WARN 0 | SKIP 22 | PASS 92 ]
Error: Test failures
Execution halted
Flavor: r-release-windows-x86_64