Last updated on 2024-05-02 01:56:52 CEST.
Flavor | Version | Tinstall | Tcheck | Ttotal | Status | Flags |
---|---|---|---|---|---|---|
r-devel-linux-x86_64-debian-clang | 0.1.0 | 1.94 | 32.61 | 34.55 | OK | |
r-devel-linux-x86_64-debian-gcc | 0.1.0 | 2.02 | 25.28 | 27.30 | OK | |
r-devel-linux-x86_64-fedora-clang | 0.1.0 | 44.64 | NOTE | |||
r-devel-linux-x86_64-fedora-gcc | 0.1.0 | 43.46 | NOTE | |||
r-devel-windows-x86_64 | 0.1.0 | 3.00 | 46.00 | 49.00 | OK | |
r-patched-linux-x86_64 | 0.1.0 | 1.70 | 32.32 | 34.02 | OK | |
r-release-linux-x86_64 | 0.1.0 | 2.26 | 31.98 | 34.24 | OK | |
r-release-macos-arm64 | 0.1.0 | 19.00 | OK | |||
r-release-windows-x86_64 | 0.1.0 | 3.00 | 49.00 | 52.00 | OK | |
r-oldrel-macos-arm64 | 0.1.0 | 22.00 | OK | |||
r-oldrel-macos-x86_64 | 0.1.0 | 30.00 | OK | |||
r-oldrel-windows-x86_64 | 0.1.0 | 4.00 | 52.00 | 56.00 | OK |
Version: 0.1.0
Check: dependencies in R code
Result: NOTE
Namespace in Imports field not imported from: ‘sp’
All declared Imports should be used.
Flavors: r-devel-linux-x86_64-fedora-clang, r-devel-linux-x86_64-fedora-gcc