Last updated on 2024-08-16 01:48:13 CEST.
Flavor | Version | Tinstall | Tcheck | Ttotal | Status | Flags |
---|---|---|---|---|---|---|
r-devel-linux-x86_64-debian-clang | 1.4 | 8.57 | 75.77 | 84.34 | NOTE | |
r-devel-linux-x86_64-debian-gcc | 1.4 | 5.63 | 53.05 | 58.68 | NOTE | |
r-devel-linux-x86_64-fedora-clang | 1.4 | 132.95 | OK | |||
r-devel-linux-x86_64-fedora-gcc | 1.4 | 124.38 | OK | |||
r-devel-windows-x86_64 | 1.4 | 9.00 | 87.00 | 96.00 | NOTE | |
r-patched-linux-x86_64 | 1.4 | 9.70 | 71.54 | 81.24 | OK | |
r-release-linux-x86_64 | 1.4 | 8.59 | 70.98 | 79.57 | OK | |
r-release-macos-arm64 | 1.4 | 39.00 | OK | |||
r-release-macos-x86_64 | 1.4 | 63.00 | OK | |||
r-release-windows-x86_64 | 1.4 | 9.00 | 86.00 | 95.00 | OK | |
r-oldrel-macos-arm64 | 1.4 | 45.00 | OK | |||
r-oldrel-macos-x86_64 | 1.4 | 82.00 | OK | |||
r-oldrel-windows-x86_64 | 1.4 | 9.00 | 102.00 | 111.00 | OK |
Version: 1.4
Check: Rd cross-references
Result: NOTE
Found the following Rd file(s) with Rd \link{} targets missing package
anchors:
prune.Rd: rules
Please provide package anchors for all Rd \link{} targets not in the
package itself and the base packages.
Flavors: r-devel-linux-x86_64-debian-clang, r-devel-linux-x86_64-debian-gcc, r-devel-windows-x86_64