Last updated on 2024-04-26 01:53:00 CEST.
Flavor | Version | Tinstall | Tcheck | Ttotal | Status | Flags |
---|---|---|---|---|---|---|
r-devel-linux-x86_64-debian-clang | 1.2-1 | 1.82 | 39.27 | 41.09 | OK | |
r-devel-linux-x86_64-debian-gcc | 1.2-1 | 1.47 | 29.56 | 31.03 | OK | |
r-devel-linux-x86_64-fedora-clang | 1.2-1 | 51.11 | NOTE | |||
r-devel-linux-x86_64-fedora-gcc | 1.2-1 | 50.37 | NOTE | |||
r-devel-windows-x86_64 | 1.2-1 | 2.00 | 68.00 | 70.00 | OK | |
r-patched-linux-x86_64 | 1.2-1 | 2.52 | 36.74 | 39.26 | OK | |
r-release-linux-x86_64 | 1.2-1 | 1.92 | 38.18 | 40.10 | OK | |
r-release-macos-arm64 | 1.2-1 | 22.00 | OK | |||
r-release-windows-x86_64 | 1.2-1 | 3.00 | 66.00 | 69.00 | OK | |
r-oldrel-macos-arm64 | 1.2-1 | 23.00 | OK | |||
r-oldrel-macos-x86_64 | 1.2-1 | 33.00 | OK | |||
r-oldrel-windows-x86_64 | 1.2-1 | 3.00 | 72.00 | 75.00 | OK |
Version: 1.2-1
Check: data for non-ASCII characters
Result: NOTE
Note: found 76 marked Latin-1 strings
Flavors: r-devel-linux-x86_64-fedora-clang, r-devel-linux-x86_64-fedora-gcc