Last updated on 2025-05-21 01:49:20 CEST.
Flavor | Version | Tinstall | Tcheck | Ttotal | Status | Flags |
---|---|---|---|---|---|---|
r-devel-linux-x86_64-debian-clang | 0.1.8 | 7.56 | 94.57 | 102.13 | NOTE | |
r-devel-linux-x86_64-debian-gcc | 0.1.8 | 5.52 | 69.78 | 75.30 | NOTE | |
r-devel-linux-x86_64-fedora-clang | 0.1.8 | 162.58 | OK | |||
r-devel-linux-x86_64-fedora-gcc | 0.1.8 | 171.82 | OK | |||
r-devel-windows-x86_64 | 0.1.8 | 9.00 | 123.00 | 132.00 | OK | |
r-patched-linux-x86_64 | 0.1.8 | 7.47 | 90.72 | 98.19 | OK | |
r-release-linux-x86_64 | 0.1.8 | 6.16 | 90.48 | 96.64 | OK | |
r-release-macos-arm64 | 0.1.8 | 72.00 | OK | |||
r-release-macos-x86_64 | 0.1.8 | 105.00 | OK | |||
r-release-windows-x86_64 | 0.1.8 | 10.00 | 106.00 | 116.00 | OK | |
r-oldrel-macos-arm64 | 0.1.8 | 52.00 | OK | |||
r-oldrel-macos-x86_64 | 0.1.8 | 79.00 | OK | |||
r-oldrel-windows-x86_64 | 0.1.8 | 11.00 | 133.00 | 144.00 | OK |
Version: 0.1.8
Check: CRAN incoming feasibility
Result: NOTE
Maintainer: ‘Christopher Prener <chris.prener@gmail.com>’
Package CITATION file contains call(s) to old-style citEntry(). Please
use bibentry() instead.
Flavors: r-devel-linux-x86_64-debian-clang, r-devel-linux-x86_64-debian-gcc