CRAN Package Check Results for Package arenar

Last updated on 2023-05-28 01:53:51 CEST.

Flavor Version Tinstall Tcheck Ttotal Status Flags
r-devel-linux-x86_64-debian-clang 0.2.0 3.61 102.57 106.18 NOTE
r-devel-linux-x86_64-debian-gcc 0.2.0 3.16 81.75 84.91 NOTE
r-devel-linux-x86_64-fedora-clang 0.2.0 127.24 NOTE
r-devel-linux-x86_64-fedora-gcc 0.2.0 149.54 NOTE
r-devel-windows-x86_64 0.2.0 5.00 95.00 100.00 NOTE
r-patched-linux-x86_64 0.2.0 4.46 99.51 103.97 NOTE
r-release-linux-x86_64 0.2.0 2.75 98.59 101.34 NOTE
r-release-macos-arm64 0.2.0 54.00 NOTE
r-release-macos-x86_64 0.2.0 76.00 NOTE
r-release-windows-x86_64 0.2.0 7.00 111.00 118.00 NOTE
r-oldrel-macos-arm64 0.2.0 46.00 NOTE
r-oldrel-macos-x86_64 0.2.0 90.00 NOTE
r-oldrel-windows-x86_64 0.2.0 6.00 110.00 116.00 NOTE

Check Details

Version: 0.2.0
Check: LazyData
Result: NOTE
     'LazyData' is specified without a 'data' directory
Flavors: r-devel-linux-x86_64-debian-clang, r-devel-linux-x86_64-debian-gcc, r-devel-linux-x86_64-fedora-clang, r-devel-linux-x86_64-fedora-gcc, r-devel-windows-x86_64, r-patched-linux-x86_64, r-release-linux-x86_64, r-release-macos-arm64, r-release-macos-x86_64, r-release-windows-x86_64, r-oldrel-macos-arm64, r-oldrel-macos-x86_64, r-oldrel-windows-x86_64