Last updated on 2024-07-18 01:55:26 CEST.
Flavor | Version | Tinstall | Tcheck | Ttotal | Status | Flags |
---|---|---|---|---|---|---|
r-devel-linux-x86_64-debian-clang | 1.8-1 | 13.80 | 83.49 | 97.29 | OK | |
r-devel-linux-x86_64-debian-gcc | 1.8-1 | 9.37 | 60.55 | 69.92 | OK | |
r-devel-linux-x86_64-fedora-clang | 1.8-1 | 122.95 | OK | |||
r-devel-linux-x86_64-fedora-gcc | 1.8-1 | 117.14 | OK | |||
r-devel-windows-x86_64 | 1.8-1 | 13.00 | 102.00 | 115.00 | NOTE | |
r-patched-linux-x86_64 | 1.8-1 | 14.66 | 79.55 | 94.21 | OK | |
r-release-linux-x86_64 | 1.8-1 | 11.70 | 80.65 | 92.35 | OK | |
r-release-macos-arm64 | 1.8-1 | 41.00 | OK | |||
r-release-macos-x86_64 | 1.8-1 | 73.00 | OK | |||
r-release-windows-x86_64 | 1.8-1 | 15.00 | 102.00 | 117.00 | OK | |
r-oldrel-macos-arm64 | 1.8-1 | 47.00 | OK | |||
r-oldrel-macos-x86_64 | 1.8-1 | 73.00 | OK | |||
r-oldrel-windows-x86_64 | 1.8-1 | 18.00 | 112.00 | 130.00 | OK |
Version: 1.8-1
Check: Rd cross-references
Result: NOTE
Found the following Rd file(s) with Rd \link{} targets missing package
anchors:
arfima.Rd: TrenchMean
logLik.arfima.Rd: ltsa
Please provide package anchors for all Rd \link{} targets not in the
package itself and the base packages.
Flavor: r-devel-windows-x86_64