Last updated on 2022-07-01 01:49:25 CEST.
Flavor | Version | Tinstall | Tcheck | Ttotal | Status | Flags |
---|---|---|---|---|---|---|
r-devel-linux-x86_64-debian-clang | 3.2.0 | 60.83 | 325.96 | 386.79 | NOTE | |
r-devel-linux-x86_64-debian-gcc | 3.2.0 | 43.96 | 239.55 | 283.51 | NOTE | |
r-devel-linux-x86_64-fedora-clang | 3.2.0 | 483.00 | NOTE | |||
r-devel-linux-x86_64-fedora-gcc | 3.2.0 | 503.69 | NOTE | |||
r-devel-windows-x86_64 | 3.2.0 | 2630.00 | 354.00 | 2984.00 | NOTE | |
r-patched-linux-x86_64 | 3.2.0 | 71.53 | 303.53 | 375.06 | OK | |
r-release-linux-x86_64 | 3.2.0 | 52.16 | 305.55 | 357.71 | OK | |
r-release-macos-arm64 | 3.2.0 | 100.00 | NOTE | |||
r-release-macos-x86_64 | 3.2.0 | 180.00 | NOTE | |||
r-release-windows-x86_64 | 3.2.0 | 3123.00 | 383.00 | 3506.00 | NOTE | |
r-oldrel-macos-arm64 | 3.2.0 | 143.00 | NOTE | |||
r-oldrel-macos-x86_64 | 3.2.0 | 178.00 | NOTE | |||
r-oldrel-windows-ix86+x86_64 | 3.2.0 | 99.00 | 332.00 | 431.00 | NOTE |
Version: 3.2.0
Check: Rd files
Result: NOTE
checkRd: (-1) AffinePlm.Rd:43: Escaped LaTeX specials: \&
checkRd: (-1) AffinePlm.Rd:106: Escaped LaTeX specials: \&
checkRd: (-1) AllelicCrosstalkCalibration.Rd:106: Escaped LaTeX specials: \_
checkRd: (-1) AvgPlm.Rd:45: Escaped LaTeX specials: \_
checkRd: (-1) DChipGenomeInformation.Rd:89: Escaped LaTeX specials: \_
checkRd: (-1) DChipSnpInformation.Rd:90: Escaped LaTeX specials: \_
checkRd: (-1) MbeiPlm.Rd:43: Escaped LaTeX specials: \&
checkRd: (-1) aroma.affymetrix-package.Rd:54: Escaped LaTeX specials: \#
checkRd: (-1) doCRMAv2.Rd:73: Escaped LaTeX specials: \&
checkRd: (-1) getAlleleProbePairs.AffymetrixCdfFile.Rd:41: Escaped LaTeX specials: \_
checkRd: (-1) getAlleleProbePairs.AffymetrixCdfFile.Rd:42: Escaped LaTeX specials: \_
checkRd: (-1) getAlleleProbePairs3.AffymetrixCdfFile.Rd:41: Escaped LaTeX specials: \_
checkRd: (-1) getAlleleProbePairs3.AffymetrixCdfFile.Rd:42: Escaped LaTeX specials: \_
Flavors: r-devel-linux-x86_64-debian-clang, r-devel-linux-x86_64-debian-gcc, r-devel-linux-x86_64-fedora-clang, r-devel-linux-x86_64-fedora-gcc, r-devel-windows-x86_64
Version: 3.2.0
Check: installed package size
Result: NOTE
installed size is 5.8Mb
sub-directories of 1Mb or more:
R 2.3Mb
help 1.1Mb
testScripts 1.3Mb
Flavors: r-devel-linux-x86_64-fedora-clang, r-devel-windows-x86_64, r-release-macos-arm64, r-release-macos-x86_64, r-release-windows-x86_64, r-oldrel-macos-arm64, r-oldrel-macos-x86_64, r-oldrel-windows-ix86+x86_64
Version: 3.2.0
Check: package dependencies
Result: NOTE
Packages suggested but not available for checking:
'affxparser', 'oligo', 'oligoClasses', 'pdInfoBuilder',
'AffymetrixDataTestFiles'
Flavor: r-release-macos-arm64
Version: 3.2.0
Check: Rd cross-references
Result: NOTE
Packages unavailable to check Rd xrefs: ‘affxparser’, ‘oligo’, ‘oligoClasses’
Flavor: r-release-macos-arm64
Version: 3.2.0
Check: package dependencies
Result: NOTE
Packages suggested but not available for checking:
'oligo', 'pdInfoBuilder', 'AffymetrixDataTestFiles'
Flavor: r-oldrel-macos-arm64
Version: 3.2.0
Check: Rd cross-references
Result: NOTE
Package unavailable to check Rd xrefs: ‘oligo’
Flavor: r-oldrel-macos-arm64
Version: 3.2.0
Check: package dependencies
Result: NOTE
Packages suggested but not available for checking:
'pdInfoBuilder', 'AffymetrixDataTestFiles'
Flavor: r-oldrel-macos-x86_64