Last updated on 2024-04-20 01:49:50 CEST.
Flavor | Version | Tinstall | Tcheck | Ttotal | Status | Flags |
---|---|---|---|---|---|---|
r-devel-linux-x86_64-debian-clang | 0.7.0 | 3.15 | 39.21 | 42.36 | OK | |
r-devel-linux-x86_64-debian-gcc | 0.7.0 | OK | ||||
r-devel-linux-x86_64-fedora-clang | 0.7.0 | 54.43 | OK | |||
r-devel-linux-x86_64-fedora-gcc | 0.7.0 | 52.27 | OK | |||
r-prerel-macos-arm64 | 0.7.0 | 20.00 | OK | |||
r-prerel-windows-x86_64 | 0.7.0 | 4.00 | 104.00 | 108.00 | OK | |
r-patched-linux-x86_64 | 0.7.0 | 3.46 | 36.79 | 40.25 | OK | |
r-release-linux-x86_64 | 0.7.0 | 2.58 | 37.82 | 40.40 | OK | |
r-release-macos-arm64 | 0.7.0 | 21.00 | NOTE | |||
r-release-macos-x86_64 | 0.7.0 | 41.00 | NOTE | |||
r-release-windows-x86_64 | 0.7.0 | 5.00 | 58.00 | 63.00 | OK | |
r-oldrel-macos-arm64 | 0.7.0 | 25.00 | OK | |||
r-oldrel-windows-x86_64 | 0.7.0 | 5.00 | 86.00 | 91.00 | OK |
Version: 0.7.0
Check: package dependencies
Result: NOTE
Package suggested but not available for checking: ‘affxparser’
Flavors: r-release-macos-arm64, r-release-macos-x86_64
Version: 0.7.0
Check: Rd cross-references
Result: NOTE
Package unavailable to check Rd xrefs: ‘affxparser’
Flavors: r-release-macos-arm64, r-release-macos-x86_64