Last updated on 2022-07-06 01:50:18 CEST.
Flavor | Version | Tinstall | Tcheck | Ttotal | Status | Flags |
---|---|---|---|---|---|---|
r-devel-linux-x86_64-debian-clang | 1.6.1 | 10.96 | 89.52 | 100.48 | NOTE | |
r-devel-linux-x86_64-debian-gcc | 1.6.1 | 10.57 | 66.88 | 77.45 | NOTE | |
r-devel-linux-x86_64-fedora-clang | 1.6.1 | 143.68 | NOTE | |||
r-devel-linux-x86_64-fedora-gcc | 1.6.1 | 130.88 | NOTE | |||
r-devel-windows-x86_64 | 1.6.1 | 162.00 | 120.00 | 282.00 | NOTE | |
r-patched-linux-x86_64 | 1.6.1 | 12.01 | 86.76 | 98.77 | OK | |
r-release-linux-x86_64 | 1.6.1 | 11.29 | 85.46 | 96.75 | OK | |
r-release-macos-arm64 | 1.6.1 | 39.00 | OK | |||
r-release-macos-x86_64 | 1.6.1 | 63.00 | OK | |||
r-release-windows-x86_64 | 1.6.1 | 236.00 | 125.00 | 361.00 | OK | |
r-oldrel-macos-arm64 | 1.6.1 | 48.00 | NOTE | |||
r-oldrel-macos-x86_64 | 1.6.1 | 54.00 | NOTE | |||
r-oldrel-windows-ix86+x86_64 | 1.6.1 | 26.00 | 109.00 | 135.00 | OK |
Version: 1.6.1
Check: Rd files
Result: NOTE
checkRd: (-1) MultiSourceCopyNumberNormalization.Rd:101: Escaped LaTeX specials: \&
Flavors: r-devel-linux-x86_64-debian-clang, r-devel-linux-x86_64-debian-gcc, r-devel-linux-x86_64-fedora-clang, r-devel-linux-x86_64-fedora-gcc, r-devel-windows-x86_64
Version: 1.6.1
Check: package dependencies
Result: NOTE
Package suggested but not available for checking: ‘GLAD’
Flavors: r-oldrel-macos-arm64, r-oldrel-macos-x86_64