Last updated on 2024-04-27 01:51:58 CEST.
Flavor | Version | Tinstall | Tcheck | Ttotal | Status | Flags |
---|---|---|---|---|---|---|
r-devel-linux-x86_64-debian-clang | 1.7.1 | 14.69 | 95.09 | 109.78 | OK | |
r-devel-linux-x86_64-debian-gcc | 1.7.1 | 10.71 | 66.18 | 76.89 | OK | |
r-devel-linux-x86_64-fedora-clang | 1.7.1 | 126.86 | OK | |||
r-devel-linux-x86_64-fedora-gcc | 1.7.1 | 123.59 | OK | |||
r-devel-windows-x86_64 | 1.7.1 | 13.00 | 159.00 | 172.00 | OK | |
r-patched-linux-x86_64 | 1.7.1 | 13.26 | 85.35 | 98.61 | OK | |
r-release-linux-x86_64 | 1.7.1 | 11.27 | 85.61 | 96.88 | OK | |
r-release-macos-arm64 | 1.7.1 | 35.00 | OK | |||
r-release-macos-x86_64 | 1.7.1 | 74.00 | OK | |||
r-release-windows-x86_64 | 1.7.1 | 14.00 | 81.00 | 95.00 | OK | |
r-oldrel-macos-arm64 | 1.7.1 | 40.00 | NOTE | |||
r-oldrel-macos-x86_64 | 1.7.1 | 75.00 | NOTE | |||
r-oldrel-windows-x86_64 | 1.7.1 | 16.00 | 98.00 | 114.00 | OK |
Version: 1.7.1
Check: package dependencies
Result: NOTE
Package suggested but not available for checking: ‘GLAD’
Flavors: r-oldrel-macos-arm64, r-oldrel-macos-x86_64