CRAN Package Check Results for Package arrow

Last updated on 2022-05-18 01:49:46 CEST.

Flavor Version Tinstall Tcheck Ttotal Status Flags
r-devel-linux-x86_64-debian-clang 8.0.0 3048.06 285.27 3333.33 OK
r-devel-linux-x86_64-debian-gcc 8.0.0 2422.82 203.45 2626.27 OK
r-devel-linux-x86_64-fedora-clang 8.0.0 5086.91 NOTE
r-devel-linux-x86_64-fedora-gcc 8.0.0 4452.41 OK
r-devel-windows-x86_64 8.0.0 618.00 613.00 1231.00 NOTE
r-patched-linux-x86_64 8.0.0 2495.75 281.05 2776.80 OK
r-release-linux-x86_64 8.0.0 2503.42 278.07 2781.49 OK
r-release-macos-arm64 8.0.0 205.00 NOTE
r-release-macos-x86_64 8.0.0 353.00 NOTE
r-release-windows-x86_64 8.0.0 996.00 580.00 1576.00 NOTE
r-oldrel-macos-arm64 8.0.0 209.00 NOTE
r-oldrel-macos-x86_64 8.0.0 307.00 NOTE
r-oldrel-windows-ix86+x86_64 8.0.0 800.00 698.00 1498.00 NOTE

Check Details

Version: 8.0.0
Check: installed package size
Result: NOTE
     installed size is 58.8Mb
     sub-directories of 1Mb or more:
     R 4.0Mb
     libs 53.6Mb
Flavors: r-devel-linux-x86_64-fedora-clang, r-devel-windows-x86_64, r-release-macos-arm64, r-release-macos-x86_64, r-release-windows-x86_64, r-oldrel-macos-arm64, r-oldrel-macos-x86_64, r-oldrel-windows-ix86+x86_64