Last updated on 2024-03-29 01:50:59 CET.
Flavor | Version | Tinstall | Tcheck | Ttotal | Status | Flags |
---|---|---|---|---|---|---|
r-devel-linux-x86_64-debian-clang | 0.2-30 | 40.45 | 171.98 | 212.43 | OK | |
r-devel-linux-x86_64-debian-gcc | 0.2-30 | 31.86 | 123.92 | 155.78 | OK | |
r-devel-linux-x86_64-fedora-clang | 0.2-30 | 310.88 | OK | |||
r-devel-linux-x86_64-fedora-gcc | 0.2-30 | 257.66 | OK | |||
r-devel-windows-x86_64 | 0.2-30 | 42.00 | 141.00 | 183.00 | NOTE | |
r-patched-linux-x86_64 | 0.2-30 | 42.79 | 160.75 | 203.54 | OK | |
r-release-linux-x86_64 | 0.2-30 | 42.21 | 164.99 | 207.20 | OK | |
r-release-macos-arm64 | 0.2-30 | 78.00 | OK | |||
r-release-macos-x86_64 | 0.2-30 | 207.00 | OK | |||
r-release-windows-x86_64 | 0.2-30 | 37.00 | 178.00 | 215.00 | NOTE | |
r-oldrel-macos-arm64 | 0.2-30 | 85.00 | OK | |||
r-oldrel-windows-x86_64 | 0.2-30 | 50.00 | 173.00 | 223.00 | NOTE |
Version: 0.2-30
Check: installed package size
Result: NOTE
installed size is 14.3Mb
sub-directories of 1Mb or more:
bin 11.3Mb
misc 2.1Mb
Flavors: r-devel-windows-x86_64, r-release-windows-x86_64, r-oldrel-windows-x86_64