Last updated on 2022-05-25 02:52:13 CEST.
Flavor | Version | Tinstall | Tcheck | Ttotal | Status | Flags |
---|---|---|---|---|---|---|
r-devel-linux-x86_64-debian-clang | 1.5-1 | 18.47 | 190.71 | 209.18 | OK | |
r-devel-linux-x86_64-debian-gcc | 1.5-1 | 14.59 | 138.27 | 152.86 | OK | |
r-devel-linux-x86_64-fedora-clang | 1.5-1 | 253.88 | OK | |||
r-devel-linux-x86_64-fedora-gcc | 1.5-1 | 239.50 | OK | |||
r-devel-windows-x86_64 | 1.5-1 | 43.00 | 223.00 | 266.00 | OK | |
r-patched-linux-x86_64 | 1.5-1 | 19.04 | 180.49 | 199.53 | OK | |
r-release-linux-x86_64 | 1.5-1 | OK | ||||
r-release-macos-arm64 | 1.5-1 | 64.00 | NOTE | |||
r-release-macos-x86_64 | 1.5-1 | 117.00 | OK | |||
r-release-windows-x86_64 | 1.5-1 | 34.00 | 213.00 | 247.00 | OK | |
r-oldrel-macos-arm64 | 1.5-1 | 99.00 | OK | |||
r-oldrel-macos-x86_64 | 1.5-1 | 91.00 | OK | |||
r-oldrel-windows-ix86+x86_64 | 1.5-1 | 39.00 | 200.00 | 239.00 | OK |
Version: 1.5-1
Check: package dependencies
Result: NOTE
Packages suggested but not available for checking: 'graph', 'Rgraphviz'
Flavor: r-release-macos-arm64