Last updated on 2025-02-10 01:48:16 CET.
Flavor | Version | Tinstall | Tcheck | Ttotal | Status | Flags |
---|---|---|---|---|---|---|
r-devel-linux-x86_64-debian-clang | 0.0.1 | 3.43 | 94.70 | 98.13 | OK | |
r-devel-linux-x86_64-debian-gcc | 0.0.1 | 2.34 | 66.40 | 68.74 | OK | |
r-devel-linux-x86_64-fedora-clang | 0.0.1 | 145.85 | NOTE | |||
r-devel-linux-x86_64-fedora-gcc | 0.0.1 | 141.57 | NOTE | |||
r-devel-windows-x86_64 | 0.0.1 | 4.00 | 97.00 | 101.00 | OK | |
r-patched-linux-x86_64 | 0.0.1 | 2.98 | 83.90 | 86.88 | OK | |
r-release-linux-x86_64 | 0.0.1 | 2.68 | 82.63 | 85.31 | OK | |
r-release-macos-arm64 | 0.0.1 | 39.00 | OK | |||
r-release-macos-x86_64 | 0.0.1 | 76.00 | OK | |||
r-release-windows-x86_64 | 0.0.1 | 5.00 | 114.00 | 119.00 | OK | |
r-oldrel-macos-arm64 | 0.0.1 | 42.00 | OK | |||
r-oldrel-macos-x86_64 | 0.0.1 | 72.00 | OK | |||
r-oldrel-windows-x86_64 | 0.0.1 | 5.00 | 109.00 | 114.00 | OK |
Version: 0.0.1
Check: dependencies in R code
Result: NOTE
Namespace in Imports field not imported from: ‘purrr’
All declared Imports should be used.
Flavors: r-devel-linux-x86_64-fedora-clang, r-devel-linux-x86_64-fedora-gcc