CRAN Package Check Results for Package aslib

Last updated on 2022-06-30 01:49:02 CEST.

Flavor Version Tinstall Tcheck Ttotal Status Flags
r-devel-linux-x86_64-debian-clang 0.1.1 21.16 203.62 224.78 NOTE
r-devel-linux-x86_64-debian-gcc 0.1.1 19.18 154.72 173.90 NOTE
r-devel-linux-x86_64-fedora-clang 0.1.1 253.72 NOTE
r-devel-linux-x86_64-fedora-gcc 0.1.1 270.36 NOTE
r-devel-windows-x86_64 0.1.1 45.00 188.00 233.00 NOTE
r-patched-linux-x86_64 0.1.1 21.20 193.98 215.18 NOTE
r-release-linux-x86_64 0.1.1 17.12 192.70 209.82 NOTE
r-release-macos-arm64 0.1.1 65.00 NOTE
r-release-macos-x86_64 0.1.1 132.00 NOTE
r-release-windows-x86_64 0.1.1 64.00 186.00 250.00 NOTE
r-oldrel-macos-arm64 0.1.1 88.00 NOTE
r-oldrel-macos-x86_64 0.1.1 116.00 NOTE
r-oldrel-windows-ix86+x86_64 0.1.1 47.00 197.00 244.00 NOTE

Check Details

Version: 0.1.1
Check: LazyData
Result: NOTE
     'LazyData' is specified without a 'data' directory
Flavors: r-devel-linux-x86_64-debian-clang, r-devel-linux-x86_64-debian-gcc, r-devel-linux-x86_64-fedora-clang, r-devel-linux-x86_64-fedora-gcc, r-devel-windows-x86_64, r-patched-linux-x86_64, r-release-linux-x86_64, r-release-macos-arm64, r-release-macos-x86_64, r-release-windows-x86_64, r-oldrel-macos-arm64, r-oldrel-macos-x86_64, r-oldrel-windows-ix86+x86_64