Last updated on 2023-03-25 01:49:09 CET.
Flavor | Version | Tinstall | Tcheck | Ttotal | Status | Flags |
---|---|---|---|---|---|---|
r-devel-linux-x86_64-debian-clang | 0.2.8 | 2.65 | 37.39 | 40.04 | NOTE | |
r-devel-linux-x86_64-debian-gcc | 0.2.8 | 2.05 | 28.31 | 30.36 | NOTE | |
r-devel-linux-x86_64-fedora-clang | 0.2.8 | 50.95 | NOTE | |||
r-devel-linux-x86_64-fedora-gcc | 0.2.8 | 57.68 | NOTE | |||
r-devel-windows-x86_64 | 0.2.8 | 26.00 | 81.00 | 107.00 | NOTE | |
r-patched-linux-x86_64 | 0.2.8 | 2.73 | 37.39 | 40.12 | NOTE | |
r-release-linux-x86_64 | 0.2.8 | 2.94 | 36.69 | 39.63 | NOTE | |
r-release-macos-arm64 | 0.2.8 | 25.00 | NOTE | |||
r-release-macos-x86_64 | 0.2.8 | 37.00 | NOTE | |||
r-release-windows-x86_64 | 0.2.8 | 20.00 | 80.00 | 100.00 | NOTE | |
r-oldrel-macos-arm64 | 0.2.8 | 35.00 | NOTE | |||
r-oldrel-macos-x86_64 | 0.2.8 | 43.00 | NOTE | |||
r-oldrel-windows-ix86+x86_64 | 0.2.8 | 7.00 | 72.00 | 79.00 | NOTE |
Version: 0.2.8
Check: LazyData
Result: NOTE
'LazyData' is specified without a 'data' directory
Flavors: r-devel-linux-x86_64-debian-clang, r-devel-linux-x86_64-debian-gcc, r-devel-linux-x86_64-fedora-clang, r-devel-linux-x86_64-fedora-gcc, r-devel-windows-x86_64, r-patched-linux-x86_64, r-release-linux-x86_64, r-release-macos-arm64, r-release-macos-x86_64, r-release-windows-x86_64, r-oldrel-macos-arm64, r-oldrel-macos-x86_64, r-oldrel-windows-ix86+x86_64