CRAN Package Check Results for Package assertive.base

Last updated on 2022-05-22 01:51:20 CEST.

Flavor Version Tinstall Tcheck Ttotal Status Flags
r-devel-linux-x86_64-debian-clang 0.0-9 2.75 39.69 42.44 NOTE
r-devel-linux-x86_64-debian-gcc 0.0-9 2.27 30.06 32.33 NOTE
r-devel-linux-x86_64-fedora-clang 0.0-9 51.94 NOTE
r-devel-linux-x86_64-fedora-gcc 0.0-9 49.29 NOTE
r-devel-windows-x86_64 0.0-9 192.00 56.00 248.00 NOTE
r-patched-linux-x86_64 0.0-9 3.51 36.93 40.44 NOTE
r-release-linux-x86_64 0.0-9 2.54 37.52 40.06 NOTE
r-release-macos-arm64 0.0-9 17.00 NOTE
r-release-macos-x86_64 0.0-9 27.00 NOTE
r-release-windows-x86_64 0.0-9 185.00 55.00 240.00 NOTE
r-oldrel-macos-arm64 0.0-9 20.00 NOTE
r-oldrel-macos-x86_64 0.0-9 32.00 NOTE
r-oldrel-windows-ix86+x86_64 0.0-9 8.00 51.00 59.00 NOTE

Check Details

Version: 0.0-9
Check: LazyData
Result: NOTE
     'LazyData' is specified without a 'data' directory
Flavors: r-devel-linux-x86_64-debian-clang, r-devel-linux-x86_64-debian-gcc, r-devel-linux-x86_64-fedora-clang, r-devel-linux-x86_64-fedora-gcc, r-devel-windows-x86_64, r-patched-linux-x86_64, r-release-linux-x86_64, r-release-macos-arm64, r-release-macos-x86_64, r-release-windows-x86_64, r-oldrel-macos-arm64, r-oldrel-macos-x86_64, r-oldrel-windows-ix86+x86_64

Version: 0.0-9
Check: Rd cross-references
Result: NOTE
    Undeclared packages ‘assertive.properties’, ‘assertive.types’ in Rd xrefs
Flavor: r-devel-linux-x86_64-fedora-clang