CRAN Package Check Results for Package assertive.code

Last updated on 2022-07-04 02:53:25 CEST.

Flavor Version Tinstall Tcheck Ttotal Status Flags
r-devel-linux-x86_64-debian-clang 0.0-3 2.49 28.37 30.86 NOTE
r-devel-linux-x86_64-debian-gcc 0.0-3 1.19 21.81 23.00 NOTE
r-devel-linux-x86_64-fedora-clang 0.0-3 48.23 NOTE
r-devel-linux-x86_64-fedora-gcc 0.0-3 46.89 NOTE
r-devel-windows-x86_64 0.0-3 22.00 55.00 77.00 NOTE
r-patched-linux-x86_64 0.0-3 2.14 27.41 29.55 NOTE
r-release-linux-x86_64 0.0-3 2.41 27.13 29.54 NOTE
r-release-macos-arm64 0.0-3 17.00 NOTE
r-release-macos-x86_64 0.0-3 23.00 NOTE
r-release-windows-x86_64 0.0-3 25.00 55.00 80.00 NOTE
r-oldrel-macos-arm64 0.0-3 22.00 NOTE
r-oldrel-macos-x86_64 0.0-3 25.00 NOTE
r-oldrel-windows-ix86+x86_64 0.0-3 6.00 47.00 53.00 NOTE

Check Details

Version: 0.0-3
Check: LazyData
Result: NOTE
     'LazyData' is specified without a 'data' directory
Flavors: r-devel-linux-x86_64-debian-clang, r-devel-linux-x86_64-debian-gcc, r-devel-linux-x86_64-fedora-clang, r-devel-linux-x86_64-fedora-gcc, r-devel-windows-x86_64, r-patched-linux-x86_64, r-release-linux-x86_64, r-release-macos-arm64, r-release-macos-x86_64, r-release-windows-x86_64, r-oldrel-macos-arm64, r-oldrel-macos-x86_64, r-oldrel-windows-ix86+x86_64