CRAN Package Check Results for Package assertive.data.uk

Last updated on 2022-07-03 01:48:48 CEST.

Flavor Version Tinstall Tcheck Ttotal Status Flags
r-devel-linux-x86_64-debian-clang 0.0-2 1.95 25.56 27.51 NOTE
r-devel-linux-x86_64-debian-gcc 0.0-2 1.73 19.93 21.66 NOTE
r-devel-linux-x86_64-fedora-clang 0.0-2 44.30 NOTE
r-devel-linux-x86_64-fedora-gcc 0.0-2 43.63 NOTE
r-devel-windows-x86_64 0.0-2 34.00 51.00 85.00 NOTE
r-patched-linux-x86_64 0.0-2 2.03 25.10 27.13 NOTE
r-release-linux-x86_64 0.0-2 2.36 24.11 26.47 NOTE
r-release-macos-arm64 0.0-2 18.00 NOTE
r-release-macos-x86_64 0.0-2 21.00 NOTE
r-release-windows-x86_64 0.0-2 26.00 51.00 77.00 NOTE
r-oldrel-macos-arm64 0.0-2 23.00 NOTE
r-oldrel-macos-x86_64 0.0-2 24.00 NOTE
r-oldrel-windows-ix86+x86_64 0.0-2 6.00 44.00 50.00 NOTE

Check Details

Version: 0.0-2
Check: LazyData
Result: NOTE
     'LazyData' is specified without a 'data' directory
Flavors: r-devel-linux-x86_64-debian-clang, r-devel-linux-x86_64-debian-gcc, r-devel-linux-x86_64-fedora-clang, r-devel-linux-x86_64-fedora-gcc, r-devel-windows-x86_64, r-patched-linux-x86_64, r-release-linux-x86_64, r-release-macos-arm64, r-release-macos-x86_64, r-release-windows-x86_64, r-oldrel-macos-arm64, r-oldrel-macos-x86_64, r-oldrel-windows-ix86+x86_64