CRAN Package Check Results for Package assertive.numbers

Last updated on 2022-06-27 01:49:45 CEST.

Flavor Version Tinstall Tcheck Ttotal Status Flags
r-devel-linux-x86_64-debian-clang 0.0-2 1.82 29.02 30.84 NOTE
r-devel-linux-x86_64-debian-gcc 0.0-2 2.08 22.25 24.33 NOTE
r-devel-linux-x86_64-fedora-clang 0.0-2 47.87 NOTE
r-devel-linux-x86_64-fedora-gcc 0.0-2 47.87 NOTE
r-devel-windows-x86_64 0.0-2 60.00 53.00 113.00 NOTE
r-patched-linux-x86_64 0.0-2 3.26 28.19 31.45 NOTE
r-release-linux-x86_64 0.0-2 2.99 28.69 31.68 NOTE
r-release-macos-arm64 0.0-2 17.00 NOTE
r-release-macos-x86_64 0.0-2 23.00 NOTE
r-release-windows-x86_64 0.0-2 85.00 54.00 139.00 NOTE
r-oldrel-macos-arm64 0.0-2 22.00 NOTE
r-oldrel-macos-x86_64 0.0-2 30.00 NOTE
r-oldrel-windows-ix86+x86_64 0.0-2 7.00 46.00 53.00 NOTE

Check Details

Version: 0.0-2
Check: LazyData
Result: NOTE
     'LazyData' is specified without a 'data' directory
Flavors: r-devel-linux-x86_64-debian-clang, r-devel-linux-x86_64-debian-gcc, r-devel-linux-x86_64-fedora-clang, r-devel-linux-x86_64-fedora-gcc, r-devel-windows-x86_64, r-patched-linux-x86_64, r-release-linux-x86_64, r-release-macos-arm64, r-release-macos-x86_64, r-release-windows-x86_64, r-oldrel-macos-arm64, r-oldrel-macos-x86_64, r-oldrel-windows-ix86+x86_64