Last updated on 2024-04-24 01:52:03 CEST.
Flavor | Version | Tinstall | Tcheck | Ttotal | Status | Flags |
---|---|---|---|---|---|---|
r-devel-linux-x86_64-debian-clang | 0.3.2 | 9.32 | 246.81 | 256.13 | NOTE | |
r-devel-linux-x86_64-debian-gcc | 0.3.2 | 6.31 | 173.09 | 179.40 | NOTE | |
r-devel-linux-x86_64-fedora-clang | 0.3.2 | 301.69 | NOTE | |||
r-devel-linux-x86_64-fedora-gcc | 0.3.2 | 309.46 | NOTE | |||
r-prerel-macos-arm64 | 0.3.2 | 94.00 | NOTE | |||
r-prerel-windows-x86_64 | 0.3.2 | 9.00 | 150.00 | 159.00 | NOTE | |
r-patched-linux-x86_64 | 0.3.2 | 15.86 | 239.28 | 255.14 | NOTE | |
r-release-linux-x86_64 | 0.3.2 | 8.68 | 238.36 | 247.04 | OK | |
r-release-macos-arm64 | 0.3.2 | 95.00 | OK | |||
r-release-macos-x86_64 | 0.3.2 | 153.00 | OK | |||
r-release-windows-x86_64 | 0.3.2 | 11.00 | 182.00 | 193.00 | OK | |
r-oldrel-macos-arm64 | 0.3.2 | 86.00 | OK | |||
r-oldrel-windows-x86_64 | 0.3.2 | 11.00 | 192.00 | 203.00 | OK |
Version: 0.3.2
Check: Rd files
Result: NOTE
checkRd: (-1) gen.Rd:36: Lost braces; missing escapes or markup?
36 | `gen({...}) returns an \link{iteror}.
| ^
Flavors: r-devel-linux-x86_64-debian-clang, r-devel-linux-x86_64-debian-gcc, r-devel-linux-x86_64-fedora-clang, r-devel-linux-x86_64-fedora-gcc, r-prerel-macos-arm64, r-prerel-windows-x86_64, r-patched-linux-x86_64
Version: 0.3.2
Check: Rd cross-references
Result: NOTE
Undeclared package ‘iterators’ in Rd xrefs
Flavor: r-devel-linux-x86_64-fedora-clang