Last updated on 2025-05-09 01:49:59 CEST.
Flavor | Version | Tinstall | Tcheck | Ttotal | Status | Flags |
---|---|---|---|---|---|---|
r-devel-linux-x86_64-debian-clang | 0.1.1 | 24.57 | 328.14 | 352.71 | NOTE | |
r-devel-linux-x86_64-debian-gcc | 0.1.1 | 15.04 | 215.69 | 230.73 | NOTE | |
r-devel-linux-x86_64-fedora-clang | 0.1.1 | 545.67 | NOTE | |||
r-devel-linux-x86_64-fedora-gcc | 0.1.1 | 551.19 | NOTE | |||
r-devel-windows-x86_64 | 0.1.1 | 21.00 | 265.00 | 286.00 | NOTE | |
r-patched-linux-x86_64 | 0.1.1 | 23.04 | 307.83 | 330.87 | NOTE | |
r-release-linux-x86_64 | 0.1.1 | 20.24 | 310.31 | 330.55 | NOTE | |
r-release-macos-arm64 | 0.1.1 | 226.00 | NOTE | |||
r-release-macos-x86_64 | 0.1.1 | 389.00 | NOTE | |||
r-release-windows-x86_64 | 0.1.1 | 20.00 | 266.00 | 286.00 | NOTE | |
r-oldrel-macos-arm64 | 0.1.1 | 142.00 | OK | |||
r-oldrel-macos-x86_64 | 0.1.1 | 287.00 | OK | |||
r-oldrel-windows-x86_64 | 0.1.1 | 29.00 | 355.00 | 384.00 | OK |
Version: 0.1.1
Check: DESCRIPTION meta-information
Result: NOTE
Missing dependency on R >= 4.1.0 because package code uses the pipe
|> or function shorthand \(...) syntax added in R 4.1.0.
File(s) using such syntax:
‘atpol_grids.R’ ‘miscRscript.r’ ‘plot_points_on_atpol.R’
Flavors: r-devel-linux-x86_64-debian-clang, r-devel-linux-x86_64-debian-gcc, r-devel-linux-x86_64-fedora-clang, r-devel-linux-x86_64-fedora-gcc, r-devel-windows-x86_64, r-patched-linux-x86_64, r-release-linux-x86_64, r-release-macos-arm64, r-release-macos-x86_64, r-release-windows-x86_64