Last updated on 2024-04-25 01:55:04 CEST.
Flavor | Version | Tinstall | Tcheck | Ttotal | Status | Flags |
---|---|---|---|---|---|---|
r-devel-linux-x86_64-debian-clang | 1.3.5 | 8.49 | 261.19 | 269.68 | OK | |
r-devel-linux-x86_64-debian-gcc | 1.3.5 | 8.92 | 194.65 | 203.57 | OK | |
r-devel-linux-x86_64-fedora-clang | 1.3.5 | 337.06 | NOTE | |||
r-devel-linux-x86_64-fedora-gcc | 1.3.5 | 342.74 | OK | |||
r-devel-windows-x86_64 | 1.3.5 | 11.00 | 253.00 | 264.00 | OK | |
r-patched-linux-x86_64 | 1.3.5 | 11.69 | 249.40 | 261.09 | OK | |
r-release-linux-x86_64 | 1.3.5 | 7.05 | 252.97 | 260.02 | OK | |
r-release-macos-arm64 | 1.3.5 | 109.00 | OK | |||
r-release-windows-x86_64 | 1.3.5 | 11.00 | 244.00 | 255.00 | OK | |
r-oldrel-macos-arm64 | 1.3.5 | 117.00 | OK | |||
r-oldrel-macos-x86_64 | 1.3.5 | 264.00 | OK | |||
r-oldrel-windows-x86_64 | 1.3.5 | 16.00 | 306.00 | 322.00 | OK |
Version: 1.3.5
Check: Rd cross-references
Result: NOTE
Undeclared package ‘gtable’ in Rd xrefs
Flavor: r-devel-linux-x86_64-fedora-clang