CRAN Package Check Results for Package auto.pca

Last updated on 2025-11-25 02:50:18 CET.

Flavor Version Tinstall Tcheck Ttotal Status Flags
r-devel-linux-x86_64-debian-clang 0.3 2.42 26.41 28.83 NOTE
r-devel-linux-x86_64-debian-gcc 0.3 1.81 21.47 23.28 NOTE
r-devel-linux-x86_64-fedora-clang 0.3 44.09 OK
r-devel-linux-x86_64-fedora-gcc 0.3 41.93 OK
r-devel-windows-x86_64 0.3 4.00 43.00 47.00 OK
r-patched-linux-x86_64 0.3 2.43 25.12 27.55 OK
r-release-linux-x86_64 0.3 2.31 24.96 27.27 OK
r-release-macos-arm64 0.3 OK
r-release-macos-x86_64 0.3 2.00 25.00 27.00 OK
r-release-windows-x86_64 0.3 3.00 51.00 54.00 OK
r-oldrel-macos-arm64 0.3 NOTE
r-oldrel-macos-x86_64 0.3 2.00 23.00 25.00 NOTE
r-oldrel-windows-x86_64 0.3 4.00 49.00 53.00 NOTE

Check Details

Version: 0.3
Check: CRAN incoming feasibility
Result: NOTE Maintainer: ‘Navinkumar Nedunchezhian <navinkumar.nedunchezhian@gmail.com>’ No Authors@R field in DESCRIPTION. Please add one, modifying Authors@R: person(given = "Navinkumar", family = "Nedunchezhian", role = c("aut", "cre"), email = "navinkumar.nedunchezhian@gmail.com") as necessary. Flavors: r-devel-linux-x86_64-debian-clang, r-devel-linux-x86_64-debian-gcc

Version: 0.3
Check: LazyData
Result: NOTE 'LazyData' is specified without a 'data' directory Flavors: r-oldrel-macos-arm64, r-oldrel-macos-x86_64, r-oldrel-windows-x86_64