Last updated on 2023-06-03 01:51:12 CEST.
Flavor | Version | Tinstall | Tcheck | Ttotal | Status | Flags |
---|---|---|---|---|---|---|
r-devel-linux-x86_64-debian-clang | 1.4.3 | 71.39 | 146.53 | 217.92 | NOTE | |
r-devel-linux-x86_64-debian-gcc | 1.4.3 | 55.18 | 110.28 | 165.46 | NOTE | |
r-devel-linux-x86_64-fedora-clang | 1.4.3 | 272.99 | NOTE | |||
r-devel-linux-x86_64-fedora-gcc | 1.4.3 | 317.74 | NOTE | |||
r-devel-windows-x86_64 | 1.4.3 | 54.00 | 136.00 | 190.00 | NOTE | |
r-patched-linux-x86_64 | 1.4.3 | NOTE | ||||
r-release-linux-x86_64 | 1.4.3 | 51.44 | 136.88 | 188.32 | NOTE | |
r-release-macos-arm64 | 1.4.3 | 75.00 | NOTE | |||
r-release-macos-x86_64 | 1.4.3 | 124.00 | NOTE | |||
r-release-windows-x86_64 | 1.4.3 | 66.00 | 181.00 | 247.00 | NOTE | |
r-oldrel-macos-arm64 | 1.4.3 | 69.00 | NOTE | |||
r-oldrel-macos-x86_64 | 1.4.3 | 118.00 | NOTE | |||
r-oldrel-windows-x86_64 | 1.4.3 | 65.00 | 156.00 | 221.00 | OK |
Version: 1.4.3
Check: C++ specification
Result: NOTE
Specified C++11: please drop specification unless essential
Flavors: r-devel-linux-x86_64-debian-clang, r-devel-linux-x86_64-debian-gcc, r-devel-linux-x86_64-fedora-clang, r-devel-linux-x86_64-fedora-gcc, r-devel-windows-x86_64, r-patched-linux-x86_64, r-release-linux-x86_64, r-release-macos-arm64, r-release-macos-x86_64, r-release-windows-x86_64
Version: 1.4.3
Check: installed package size
Result: NOTE
installed size is 18.2Mb
sub-directories of 1Mb or more:
libs 18.0Mb
Flavors: r-release-macos-arm64, r-release-macos-x86_64, r-oldrel-macos-arm64, r-oldrel-macos-x86_64