Last updated on 2023-06-07 02:00:54 CEST.
Flavor | Version | Tinstall | Tcheck | Ttotal | Status | Flags |
---|---|---|---|---|---|---|
r-devel-linux-x86_64-debian-clang | 0.9.1 | 60.76 | 472.58 | 533.34 | OK | |
r-devel-linux-x86_64-debian-gcc | 0.9.1 | 47.35 | 357.48 | 404.83 | OK | |
r-devel-linux-x86_64-fedora-clang | 0.9.1 | 568.01 | OK | |||
r-devel-linux-x86_64-fedora-gcc | 0.9.1 | 669.86 | OK | |||
r-devel-windows-x86_64 | 0.9.1 | 53.00 | 333.00 | 386.00 | OK | |
r-patched-linux-x86_64 | 0.9.1 | 44.27 | 450.04 | 494.31 | OK | |
r-release-linux-x86_64 | 0.9.1 | 40.12 | 441.65 | 481.77 | OK | |
r-release-macos-arm64 | 0.9.1 | 5.00 | ERROR | |||
r-release-macos-x86_64 | 0.9.1 | 7.00 | ERROR | |||
r-release-windows-x86_64 | 0.9.1 | 69.00 | 445.00 | 514.00 | OK | |
r-oldrel-macos-arm64 | 0.9.1 | 174.00 | OK | |||
r-oldrel-macos-x86_64 | 0.9.1 | 269.00 | OK | |||
r-oldrel-windows-x86_64 | 0.9.1 | 69.00 | 426.00 | 495.00 | OK |
Version: 0.9.1
Check: package dependencies
Result: ERROR
Package required but not available: ‘GSVA’
See section ‘The DESCRIPTION file’ in the ‘Writing R Extensions’
manual.
Flavors: r-release-macos-arm64, r-release-macos-x86_64