Last updated on 2024-04-24 01:52:03 CEST.
Flavor | Version | Tinstall | Tcheck | Ttotal | Status | Flags |
---|---|---|---|---|---|---|
r-devel-linux-x86_64-debian-clang | 1.4.5 | 102.00 | 279.42 | 381.42 | WARN | |
r-devel-linux-x86_64-debian-gcc | 1.4.5 | 80.99 | 273.41 | 354.40 | NOTE | |
r-devel-linux-x86_64-fedora-clang | 1.4.5 | 768.19 | NOTE | |||
r-devel-linux-x86_64-fedora-gcc | 1.4.5 | 972.81 | NOTE | |||
r-prerel-macos-arm64 | 1.4.5 | 702.00 | NOTE | |||
r-prerel-windows-x86_64 | 1.4.5 | 72.00 | 177.00 | 249.00 | NOTE | |
r-patched-linux-x86_64 | 1.4.5 | 104.60 | 258.58 | 363.18 | NOTE | |
r-release-linux-x86_64 | 1.4.5 | 90.19 | 202.98 | 293.17 | NOTE | |
r-release-macos-arm64 | 1.4.5 | 1137.00 | NOTE | |||
r-release-macos-x86_64 | 1.4.5 | 1803.00 | NOTE | |||
r-release-windows-x86_64 | 1.4.5 | 97.00 | 174.00 | 271.00 | NOTE | |
r-oldrel-macos-arm64 | 1.4.5 | 512.00 | NOTE | |||
r-oldrel-windows-x86_64 | 1.4.5 | 90.00 | 168.00 | 258.00 | NOTE |
Version: 1.4.5
Check: whether package can be installed
Result: WARN
Found the following significant warnings:
autocart.cpp:71:10: warning: using integer absolute value function 'abs' when argument is of floating point type [-Wabsolute-value]
autocart.cpp:71:42: warning: using integer absolute value function 'abs' when argument is of floating point type [-Wabsolute-value]
See ‘/home/hornik/tmp/R.check/r-devel-clang/Work/PKGS/autocart.Rcheck/00install.out’ for details.
* used C++ compiler: ‘Debian clang version 18.1.0 (rc4-1)’
Flavor: r-devel-linux-x86_64-debian-clang
Version: 1.4.5
Check: C++ specification
Result: NOTE
Specified C++11: please drop specification unless essential
Flavors: r-devel-linux-x86_64-debian-clang, r-devel-linux-x86_64-debian-gcc, r-devel-linux-x86_64-fedora-clang, r-devel-linux-x86_64-fedora-gcc, r-prerel-macos-arm64, r-prerel-windows-x86_64, r-patched-linux-x86_64, r-release-linux-x86_64, r-release-macos-arm64, r-release-macos-x86_64, r-release-windows-x86_64
Version: 1.4.5
Check: for GNU extensions in Makefiles
Result: NOTE
GNU make is a SystemRequirements.
Flavors: r-devel-linux-x86_64-debian-clang, r-devel-linux-x86_64-debian-gcc, r-devel-linux-x86_64-fedora-clang, r-devel-linux-x86_64-fedora-gcc, r-prerel-macos-arm64, r-prerel-windows-x86_64, r-patched-linux-x86_64, r-release-linux-x86_64, r-release-macos-arm64, r-release-macos-x86_64, r-release-windows-x86_64, r-oldrel-macos-arm64, r-oldrel-windows-x86_64
Version: 1.4.5
Check: re-building of vignette outputs
Result: NOTE
Re-building vignettes had CPU time 3.5 times elapsed time
Flavor: r-devel-linux-x86_64-debian-clang
Version: 1.4.5
Check: re-building of vignette outputs
Result: NOTE
Re-building vignettes had CPU time 3.4 times elapsed time
Flavor: r-devel-linux-x86_64-debian-gcc
Version: 1.4.5
Check: re-building of vignette outputs
Result: NOTE
Re-building vignettes had CPU time 3.6 times elapsed time
Flavor: r-patched-linux-x86_64