Last updated on 2024-04-18 01:55:01 CEST.
Flavor | Version | Tinstall | Tcheck | Ttotal | Status | Flags |
---|---|---|---|---|---|---|
r-devel-linux-x86_64-debian-clang | 1.0.12 | 10.44 | 84.89 | 95.33 | NOTE | |
r-devel-linux-x86_64-debian-gcc | 1.0.12 | 7.29 | 64.51 | 71.80 | NOTE | |
r-devel-linux-x86_64-fedora-clang | 1.0.12 | 121.47 | NOTE | |||
r-devel-linux-x86_64-fedora-gcc | 1.0.12 | 115.70 | NOTE | |||
r-prerel-macos-arm64 | 1.0.12 | 32.00 | NOTE | |||
r-prerel-windows-x86_64 | 1.0.12 | 9.00 | 124.00 | 133.00 | NOTE | |
r-patched-linux-x86_64 | 1.0.12 | 10.17 | 81.89 | 92.06 | NOTE | |
r-release-linux-x86_64 | 1.0.12 | 8.72 | 85.28 | 94.00 | NOTE | |
r-release-macos-arm64 | 1.0.12 | 35.00 | NOTE | |||
r-release-macos-x86_64 | 1.0.12 | 59.00 | NOTE | |||
r-release-windows-x86_64 | 1.0.12 | 11.00 | 114.00 | 125.00 | NOTE | |
r-oldrel-macos-arm64 | 1.0.12 | 33.00 | NOTE | |||
r-oldrel-windows-x86_64 | 1.0.12 | 12.00 | 125.00 | 137.00 | NOTE |
Version: 1.0.12
Check: LazyData
Result: NOTE
'LazyData' is specified without a 'data' directory
Flavors: r-devel-linux-x86_64-debian-clang, r-devel-linux-x86_64-debian-gcc, r-devel-linux-x86_64-fedora-clang, r-devel-linux-x86_64-fedora-gcc, r-prerel-macos-arm64, r-prerel-windows-x86_64, r-patched-linux-x86_64, r-release-linux-x86_64, r-release-macos-arm64, r-release-macos-x86_64, r-release-windows-x86_64, r-oldrel-macos-arm64, r-oldrel-windows-x86_64
Version: 1.0.12
Check: Rd cross-references
Result: NOTE
Undeclared package ‘tensorflow’ in Rd xrefs
Flavor: r-devel-linux-x86_64-fedora-clang