CRAN Package Check Results for Package av

Last updated on 2022-06-30 01:49:03 CEST.

Flavor Version Tinstall Tcheck Ttotal Status Flags
r-devel-linux-x86_64-debian-clang 0.7.0 5.47 68.28 73.75 OK
r-devel-linux-x86_64-debian-gcc 0.7.0 4.24 51.41 55.65 OK
r-devel-linux-x86_64-fedora-clang 0.7.0 106.53 OK
r-devel-linux-x86_64-fedora-gcc 0.7.0 103.51 OK
r-devel-windows-x86_64 0.7.0 80.00 212.00 292.00 NOTE
r-patched-linux-x86_64 0.7.0 5.73 66.59 72.32 OK
r-release-linux-x86_64 0.7.0 4.84 67.13 71.97 OK
r-release-macos-arm64 0.7.0 37.00 NOTE
r-release-macos-x86_64 0.7.0 50.00 NOTE
r-release-windows-x86_64 0.7.0 83.00 197.00 280.00 NOTE
r-oldrel-macos-arm64 0.7.0 39.00 NOTE
r-oldrel-macos-x86_64 0.7.0 45.00 NOTE
r-oldrel-windows-ix86+x86_64 0.7.0 45.00 305.00 350.00 NOTE

Check Details

Version: 0.7.0
Check: installed package size
Result: NOTE
     installed size is 28.6Mb
     sub-directories of 1Mb or more:
     libs 27.8Mb
Flavors: r-devel-windows-x86_64, r-release-macos-arm64, r-release-macos-x86_64, r-release-windows-x86_64, r-oldrel-macos-arm64, r-oldrel-macos-x86_64, r-oldrel-windows-ix86+x86_64