Last updated on 2024-03-28 01:53:51 CET.
Flavor | Version | Tinstall | Tcheck | Ttotal | Status | Flags |
---|---|---|---|---|---|---|
r-devel-linux-x86_64-debian-clang | 1.2.0 | 8.88 | 96.24 | 105.12 | OK | |
r-devel-linux-x86_64-debian-gcc | 1.2.0 | 8.36 | 70.93 | 79.29 | OK | |
r-devel-linux-x86_64-fedora-clang | 1.2.0 | 142.43 | NOTE | |||
r-devel-linux-x86_64-fedora-gcc | 1.2.0 | 131.28 | NOTE | |||
r-devel-windows-x86_64 | 1.2.0 | 10.00 | 82.00 | 92.00 | OK | |
r-patched-linux-x86_64 | 1.2.0 | 9.08 | 94.66 | 103.74 | OK | |
r-release-linux-x86_64 | 1.2.0 | 11.44 | 92.73 | 104.17 | OK | |
r-release-macos-arm64 | 1.2.0 | 42.00 | OK | |||
r-release-macos-x86_64 | 1.2.0 | 88.00 | OK | |||
r-release-windows-x86_64 | 1.2.0 | 14.00 | 101.00 | 115.00 | OK | |
r-oldrel-macos-arm64 | 1.2.0 | 41.00 | OK | |||
r-oldrel-windows-x86_64 | 1.2.0 | 13.00 | 98.00 | 111.00 | OK |
Version: 1.2.0
Check: for detritus in the temp directory
Result: NOTE
Found the following files/directories:
‘containers-user-1234’
Flavors: r-devel-linux-x86_64-fedora-clang, r-devel-linux-x86_64-fedora-gcc