Last updated on 2022-05-18 01:49:46 CEST.
Flavor | Version | Tinstall | Tcheck | Ttotal | Status | Flags |
---|---|---|---|---|---|---|
r-devel-linux-x86_64-debian-clang | 11.8.4 | 22.75 | 298.55 | 321.30 | OK | |
r-devel-linux-x86_64-debian-gcc | 11.8.4 | 20.69 | 212.68 | 233.37 | OK | |
r-devel-linux-x86_64-fedora-clang | 11.8.4 | 373.46 | NOTE | |||
r-devel-linux-x86_64-fedora-gcc | 11.8.4 | 352.11 | NOTE | |||
r-devel-windows-x86_64 | 11.8.4 | 269.00 | 289.00 | 558.00 | OK | |
r-patched-linux-x86_64 | 11.8.4 | 24.56 | 270.61 | 295.17 | OK | |
r-release-linux-x86_64 | 11.8.4 | 20.37 | 276.65 | 297.02 | OK | |
r-release-macos-arm64 | 11.8.4 | 88.00 | NOTE | |||
r-release-macos-x86_64 | 11.8.4 | 164.00 | NOTE | |||
r-release-windows-x86_64 | 11.8.4 | 234.00 | 312.00 | 546.00 | OK | |
r-oldrel-macos-arm64 | 11.8.4 | 95.00 | NOTE | |||
r-oldrel-macos-x86_64 | 11.8.4 | 128.00 | NOTE | |||
r-oldrel-windows-ix86+x86_64 | 11.8.4 | 50.00 | 296.00 | 346.00 | OK |
Version: 11.8.4
Check: data for non-ASCII characters
Result: NOTE
Note: found 64209 marked UTF-8 strings
Flavors: r-devel-linux-x86_64-fedora-clang, r-devel-linux-x86_64-fedora-gcc, r-release-macos-arm64, r-release-macos-x86_64, r-oldrel-macos-arm64, r-oldrel-macos-x86_64