Last updated on 2024-04-30 01:50:22 CEST.
Flavor | Version | Tinstall | Tcheck | Ttotal | Status | Flags |
---|---|---|---|---|---|---|
r-devel-linux-x86_64-debian-clang | 0.0.2 | 6.02 | 38.40 | 44.42 | OK | |
r-devel-linux-x86_64-debian-gcc | 0.0.2 | 6.00 | 28.63 | 34.63 | OK | |
r-devel-linux-x86_64-fedora-clang | 0.0.2 | 57.28 | NOTE | |||
r-devel-linux-x86_64-fedora-gcc | 0.0.2 | 54.99 | NOTE | |||
r-devel-windows-x86_64 | 0.0.2 | 8.00 | 43.00 | 51.00 | OK | |
r-patched-linux-x86_64 | 0.0.2 | 6.58 | 36.10 | 42.68 | OK | |
r-release-linux-x86_64 | 0.0.2 | 6.72 | 36.36 | 43.08 | OK | |
r-release-macos-arm64 | 0.0.2 | 23.00 | OK | |||
r-release-windows-x86_64 | 0.0.2 | 8.00 | 48.00 | 56.00 | OK | |
r-oldrel-macos-arm64 | 0.0.2 | 26.00 | OK | |||
r-oldrel-macos-x86_64 | 0.0.2 | 38.00 | OK | |||
r-oldrel-windows-x86_64 | 0.0.2 | 9.00 | 53.00 | 62.00 | OK |
Version: 0.0.2
Check: data for non-ASCII characters
Result: NOTE
Note: found 135648 marked UTF-8 strings
Flavors: r-devel-linux-x86_64-fedora-clang, r-devel-linux-x86_64-fedora-gcc