Last updated on 2022-05-22 01:51:21 CEST.
Flavor | Version | Tinstall | Tcheck | Ttotal | Status | Flags |
---|---|---|---|---|---|---|
r-devel-linux-x86_64-debian-clang | 1.4.1 | 3.32 | 46.27 | 49.59 | OK | |
r-devel-linux-x86_64-debian-gcc | 1.4.1 | 2.80 | 36.25 | 39.05 | OK | |
r-devel-linux-x86_64-fedora-clang | 1.4.1 | 63.62 | OK | |||
r-devel-linux-x86_64-fedora-gcc | 1.4.1 | 59.63 | OK | |||
r-devel-windows-x86_64 | 1.4.1 | 58.00 | 77.00 | 135.00 | ERROR | |
r-patched-linux-x86_64 | 1.4.1 | 4.11 | 45.52 | 49.63 | OK | |
r-release-linux-x86_64 | 1.4.1 | 3.21 | 44.86 | 48.07 | OK | |
r-release-macos-arm64 | 1.4.1 | 22.00 | OK | |||
r-release-macos-x86_64 | 1.4.1 | 34.00 | OK | |||
r-release-windows-x86_64 | 1.4.1 | 12.00 | 72.00 | 84.00 | OK | |
r-oldrel-macos-arm64 | 1.4.1 | 20.00 | OK | |||
r-oldrel-macos-x86_64 | 1.4.1 | 44.00 | OK | |||
r-oldrel-windows-ix86+x86_64 | 1.4.1 | 11.00 | 77.00 | 88.00 | OK |
Version: 1.4.1
Check: whether package can be installed
Result: ERROR
Installation failed.
Flavor: r-devel-windows-x86_64